Last updated on 2025-07-03 09:50:49 CEST.
Flavor | Version | Tinstall | Tcheck | Ttotal | Status | Flags |
---|---|---|---|---|---|---|
r-devel-linux-x86_64-debian-clang | 1.6 | 129.79 | 488.40 | 618.19 | OK | |
r-devel-linux-x86_64-debian-gcc | 1.6 | 105.49 | 341.53 | 447.02 | OK | |
r-devel-linux-x86_64-fedora-clang | 1.6 | 1088.96 | OK | |||
r-devel-linux-x86_64-fedora-gcc | 1.6 | 1155.60 | OK | |||
r-devel-windows-x86_64 | 1.6 | 143.00 | 421.00 | 564.00 | OK | |
r-patched-linux-x86_64 | 1.6 | 134.24 | 463.76 | 598.00 | OK | |
r-release-linux-x86_64 | 1.6 | 130.41 | 462.29 | 592.70 | OK | |
r-release-macos-arm64 | 1.6 | 279.00 | OK | |||
r-release-macos-x86_64 | 1.6 | 233.00 | OK | |||
r-release-windows-x86_64 | 1.6 | 158.00 | 422.00 | 580.00 | OK | |
r-oldrel-macos-arm64 | 1.6 | 156.00 | NOTE | |||
r-oldrel-macos-x86_64 | 1.6 | 268.00 | NOTE | |||
r-oldrel-windows-x86_64 | 1.6 | 139.00 | 575.00 | 714.00 | OK |
Version: 1.6
Check: installed package size
Result: NOTE
installed size is 15.8Mb
sub-directories of 1Mb or more:
data 2.2Mb
libs 13.1Mb
Flavors: r-oldrel-macos-arm64, r-oldrel-macos-x86_64