CRAN Package Check Results for Package PropCIs

Last updated on 2025-10-22 09:50:46 CEST.

Flavor Version Tinstall Tcheck Ttotal Status Flags
r-devel-linux-x86_64-debian-clang 0.3-0 3.02 24.93 27.95 NOTE
r-devel-linux-x86_64-debian-gcc 0.3-0 2.08 19.50 21.58 NOTE
r-devel-linux-x86_64-fedora-clang 0.3-0 41.10 OK
r-devel-linux-x86_64-fedora-gcc 0.3-0 38.86 OK
r-devel-windows-x86_64 0.3-0 4.00 41.00 45.00 OK
r-patched-linux-x86_64 0.3-0 2.92 23.06 25.98 OK
r-release-linux-x86_64 0.3-0 3.03 23.19 26.22 OK
r-release-macos-arm64 0.3-0 1.00 16.00 17.00 OK
r-release-macos-x86_64 0.3-0 4.00 32.00 36.00 OK
r-release-windows-x86_64 0.3-0 4.00 42.00 46.00 OK
r-oldrel-macos-arm64 0.3-0 2.00 18.00 20.00 OK
r-oldrel-macos-x86_64 0.3-0 2.00 20.00 22.00 OK
r-oldrel-windows-x86_64 0.3-0 5.00 42.00 47.00 OK

Check Details

Version: 0.3-0
Check: CRAN incoming feasibility
Result: NOTE Maintainer: ‘Ralph Scherer <shearer.ra76@gmail.com>’ No Authors@R field in DESCRIPTION. Please add one, modifying Authors@R: person(given = "Ralph", family = "Scherer", role = c("aut", "cre"), email = "shearer.ra76@gmail.com") as necessary. Flavors: r-devel-linux-x86_64-debian-clang, r-devel-linux-x86_64-debian-gcc