Last updated on 2025-10-22 09:50:47 CEST.
Flavor | Version | Tinstall | Tcheck | Ttotal | Status | Flags |
---|---|---|---|---|---|---|
r-devel-linux-x86_64-debian-clang | 1.3 | 1.63 | 29.12 | 30.75 | NOTE | |
r-devel-linux-x86_64-debian-gcc | 1.3 | 1.39 | 23.24 | 24.63 | NOTE | |
r-devel-linux-x86_64-fedora-clang | 1.3 | 42.62 | NOTE | |||
r-devel-linux-x86_64-fedora-gcc | 1.3 | 41.03 | NOTE | |||
r-devel-windows-x86_64 | 1.3 | 3.00 | 48.00 | 51.00 | NOTE | |
r-patched-linux-x86_64 | 1.3 | 1.66 | 27.76 | 29.42 | NOTE | |
r-release-linux-x86_64 | 1.3 | 1.65 | 27.42 | 29.07 | NOTE | |
r-release-macos-arm64 | 1.3 | 1.00 | 19.00 | 20.00 | NOTE | |
r-release-macos-x86_64 | 1.3 | 2.00 | 30.00 | 32.00 | NOTE | |
r-release-windows-x86_64 | 1.3 | 4.00 | 50.00 | 54.00 | NOTE | |
r-oldrel-macos-arm64 | 1.3 | 1.00 | 19.00 | 20.00 | NOTE | |
r-oldrel-macos-x86_64 | 1.3 | 1.00 | 27.00 | 28.00 | NOTE | |
r-oldrel-windows-x86_64 | 1.3 | 3.00 | 49.00 | 52.00 | NOTE |
Version: 1.3
Check: CRAN incoming feasibility
Result: NOTE
Maintainer: ‘Max Kuhn <mxkuhn@gmail.com>’
No Authors@R field in DESCRIPTION.
Please add one, modifying
Authors@R: person(given = "Max",
family = "Kuhn",
role = c("aut", "cre"),
email = "mxkuhn@gmail.com")
as necessary.
Flavors: r-devel-linux-x86_64-debian-clang, r-devel-linux-x86_64-debian-gcc
Version: 1.3
Check: DESCRIPTION meta-information
Result: NOTE
Malformed Description field: should contain one or more complete sentences.
Flavors: r-devel-linux-x86_64-debian-clang, r-devel-linux-x86_64-debian-gcc, r-devel-linux-x86_64-fedora-clang, r-devel-linux-x86_64-fedora-gcc, r-devel-windows-x86_64, r-patched-linux-x86_64, r-release-linux-x86_64, r-release-macos-arm64, r-release-macos-x86_64, r-release-windows-x86_64, r-oldrel-macos-arm64, r-oldrel-macos-x86_64, r-oldrel-windows-x86_64
Version: 1.3
Check: installed package size
Result: NOTE
installed size is 12.6Mb
sub-directories of 1Mb or more:
data 12.5Mb
Flavors: r-oldrel-macos-arm64, r-oldrel-macos-x86_64, r-oldrel-windows-x86_64