Last updated on 2025-10-22 09:50:47 CEST.
Flavor | Version | Tinstall | Tcheck | Ttotal | Status | Flags |
---|---|---|---|---|---|---|
r-devel-linux-x86_64-debian-clang | 1.2.7 | 63.00 | 91.69 | 154.69 | NOTE | |
r-devel-linux-x86_64-debian-gcc | 1.2.7 | 43.30 | 68.51 | 111.81 | NOTE | |
r-devel-linux-x86_64-fedora-clang | 1.2.7 | 320.00 | -14.66 | 305.34 | OK | |
r-devel-linux-x86_64-fedora-gcc | 1.2.7 | 134.00 | 130.92 | 264.92 | OK | |
r-devel-windows-x86_64 | 1.2.7 | 80.00 | 154.00 | 234.00 | OK | |
r-patched-linux-x86_64 | 1.2.7 | 69.23 | 87.42 | 156.65 | OK | |
r-release-linux-x86_64 | 1.2.7 | 62.89 | 87.09 | 149.98 | OK | |
r-release-macos-arm64 | 1.2.7 | 24.00 | 67.00 | 91.00 | OK | |
r-release-macos-x86_64 | 1.2.7 | 28.00 | 107.00 | 135.00 | OK | |
r-release-windows-x86_64 | 1.2.7 | 87.00 | 153.00 | 240.00 | OK | |
r-oldrel-macos-arm64 | 1.2.7 | 26.00 | 53.00 | 79.00 | OK | |
r-oldrel-macos-x86_64 | 1.2.7 | 23.00 | 84.00 | 107.00 | OK | |
r-oldrel-windows-x86_64 | 1.2.7 | 96.00 | 174.00 | 270.00 | OK |
Version: 1.2.7
Check: HTML version of manual
Result: NOTE
Found the following HTML validation problems:
dot-NormalizeStatus.html:58:1 (dot-NormalizeStatus.Rd:18): Warning: missing </ul> before </div>
Flavors: r-devel-linux-x86_64-debian-clang, r-devel-linux-x86_64-debian-gcc