Last updated on 2025-10-22 09:50:47 CEST.
Flavor | Version | Tinstall | Tcheck | Ttotal | Status | Flags |
---|---|---|---|---|---|---|
r-devel-linux-x86_64-debian-clang | 3.7.0 | 4.94 | 55.27 | 60.21 | NOTE | |
r-devel-linux-x86_64-debian-gcc | 3.7.0 | 3.48 | 38.82 | 42.30 | NOTE | |
r-devel-linux-x86_64-fedora-clang | 3.7.0 | 13.00 | 84.32 | 97.32 | NOTE | |
r-devel-linux-x86_64-fedora-gcc | 3.7.0 | 11.00 | 78.39 | 89.39 | NOTE | |
r-devel-windows-x86_64 | 3.7.0 | 6.00 | 758.00 | 764.00 | NOTE | |
r-patched-linux-x86_64 | 3.7.0 | 4.44 | 52.31 | 56.75 | NOTE | |
r-release-linux-x86_64 | 3.7.0 | 4.70 | 52.01 | 56.71 | NOTE | |
r-release-macos-arm64 | 3.7.0 | 2.00 | 30.00 | 32.00 | NOTE | |
r-release-macos-x86_64 | 3.7.0 | 4.00 | 46.00 | 50.00 | NOTE | |
r-release-windows-x86_64 | 3.7.0 | 7.00 | 721.00 | 728.00 | NOTE | |
r-oldrel-macos-arm64 | 3.7.0 | 2.00 | 28.00 | 30.00 | NOTE | |
r-oldrel-macos-x86_64 | 3.7.0 | 3.00 | 38.00 | 41.00 | NOTE | |
r-oldrel-windows-x86_64 | 3.7.0 | 6.00 | 912.00 | 918.00 | NOTE |
Version: 3.7.0
Check: Rd files
Result: NOTE
checkRd: (-1) setOption.Matlab.Rd:37-39: Lost braces in \itemize; meant \describe ?
checkRd: (-1) setOption.Matlab.Rd:40-41: Lost braces in \itemize; meant \describe ?
Flavors: r-devel-linux-x86_64-debian-clang, r-devel-linux-x86_64-debian-gcc, r-devel-linux-x86_64-fedora-clang, r-devel-linux-x86_64-fedora-gcc, r-devel-windows-x86_64, r-patched-linux-x86_64, r-release-linux-x86_64, r-release-macos-arm64, r-release-macos-x86_64, r-release-windows-x86_64, r-oldrel-macos-arm64, r-oldrel-macos-x86_64, r-oldrel-windows-x86_64