Last updated on 2025-10-22 09:50:47 CEST.
Flavor | Version | Tinstall | Tcheck | Ttotal | Status | Flags |
---|---|---|---|---|---|---|
r-devel-linux-x86_64-debian-clang | 4.1.0 | 71.06 | 104.02 | 175.08 | NOTE | |
r-devel-linux-x86_64-debian-gcc | 4.1.0 | 46.79 | 67.65 | 114.44 | NOTE | |
r-devel-linux-x86_64-fedora-clang | 4.1.0 | 196.00 | 127.40 | 323.40 | OK | |
r-devel-linux-x86_64-fedora-gcc | 4.1.0 | 155.00 | 144.70 | 299.70 | OK | |
r-devel-windows-x86_64 | 4.1.0 | 83.00 | 134.00 | 217.00 | OK | |
r-patched-linux-x86_64 | 4.1.0 | 68.91 | 99.57 | 168.48 | OK | |
r-release-linux-x86_64 | 4.1.0 | 68.68 | 101.75 | 170.43 | OK | |
r-release-macos-arm64 | 4.1.0 | 26.00 | 53.00 | 79.00 | OK | |
r-release-macos-x86_64 | 4.1.0 | 21.00 | 103.00 | 124.00 | OK | |
r-release-windows-x86_64 | 4.1.0 | 84.00 | 127.00 | 211.00 | OK | |
r-oldrel-macos-arm64 | 4.1.0 | 26.00 | 63.00 | 89.00 | OK | |
r-oldrel-macos-x86_64 | 4.1.0 | 20.00 | 112.00 | 132.00 | OK | |
r-oldrel-windows-x86_64 | 4.1.0 | 97.00 | 166.00 | 263.00 | OK |
Version: 4.1.0
Check: HTML version of manual
Result: NOTE
Found the following HTML validation problems:
power_studies_results.html:47:1 (power_studies_results.Rd:11): Warning: missing </ul> before </div>
pvaluecdf.html:47:1 (pvaluecdf.Rd:11): Warning: missing </ul> before </div>
Flavors: r-devel-linux-x86_64-debian-clang, r-devel-linux-x86_64-debian-gcc