CRAN Package Check Results for Package RCA

Last updated on 2025-10-22 09:50:48 CEST.

Flavor Version Tinstall Tcheck Ttotal Status Flags
r-devel-linux-x86_64-debian-clang 2.0 2.77 28.36 31.13 NOTE
r-devel-linux-x86_64-debian-gcc 2.0 2.12 22.10 24.22 NOTE
r-devel-linux-x86_64-fedora-clang 2.0 47.40 OK
r-devel-linux-x86_64-fedora-gcc 2.0 45.19 OK
r-devel-windows-x86_64 2.0 4.00 44.00 48.00 OK
r-patched-linux-x86_64 2.0 2.69 27.19 29.88 OK
r-release-linux-x86_64 2.0 2.81 27.25 30.06 OK
r-release-macos-arm64 2.0 2.00 19.00 21.00 OK
r-release-macos-x86_64 2.0 2.00 27.00 29.00 OK
r-release-windows-x86_64 2.0 5.00 48.00 53.00 OK
r-oldrel-macos-arm64 2.0 1.00 18.00 19.00 OK
r-oldrel-macos-x86_64 2.0 3.00 25.00 28.00 OK
r-oldrel-windows-x86_64 2.0 5.00 53.00 58.00 OK

Check Details

Version: 2.0
Check: CRAN incoming feasibility
Result: NOTE Maintainer: ‘Amir Goldberg <amirgo@stanford.edu>’ No Authors@R field in DESCRIPTION. Please add one, modifying Authors@R: c(person(given = "Amir", family = "Goldberg", role = c("aut", "cre"), email = "amirgo@stanford.edu"), person(given = c("Sarah", "K."), family = "Stein", role = "aut")) as necessary. Flavors: r-devel-linux-x86_64-debian-clang, r-devel-linux-x86_64-debian-gcc