CRAN Package Check Results for Package RCriteo

Last updated on 2025-10-22 09:50:48 CEST.

Flavor Version Tinstall Tcheck Ttotal Status Flags
r-devel-linux-x86_64-debian-clang 1.0.2 1.71 19.66 21.37 NOTE
r-devel-linux-x86_64-debian-gcc 1.0.2 1.41 16.27 17.68 NOTE
r-devel-linux-x86_64-fedora-clang 1.0.2 31.77 OK
r-devel-linux-x86_64-fedora-gcc 1.0.2 29.98 OK
r-devel-windows-x86_64 1.0.2 3.00 43.00 46.00 OK
r-patched-linux-x86_64 1.0.2 1.79 18.46 20.25 OK
r-release-linux-x86_64 1.0.2 1.76 18.54 20.30 OK
r-release-macos-arm64 1.0.2 1.00 12.00 13.00 OK
r-release-macos-x86_64 1.0.2 1.00 29.00 30.00 OK
r-release-windows-x86_64 1.0.2 3.00 41.00 44.00 OK
r-oldrel-macos-arm64 1.0.2 1.00 11.00 12.00 OK
r-oldrel-macos-x86_64 1.0.2 1.00 18.00 19.00 OK
r-oldrel-windows-x86_64 1.0.2 4.00 44.00 48.00 OK

Check Details

Version: 1.0.2
Check: CRAN incoming feasibility
Result: NOTE Maintainer: ‘Johannes Burkhardt <johannes.burkhardt@gmail.com>’ No Authors@R field in DESCRIPTION. Please add one, modifying Authors@R: person(given = "Johannes", family = "Burkhardt", role = c("aut", "cre"), email = "johannes.burkhardt@gmail.com") as necessary. Flavors: r-devel-linux-x86_64-debian-clang, r-devel-linux-x86_64-debian-gcc