CRAN Package Check Results for Package RDM

Last updated on 2025-10-22 09:50:48 CEST.

Flavor Version Tinstall Tcheck Ttotal Status Flags
r-devel-linux-x86_64-debian-clang 0.1.1 10.63 50.10 60.73 NOTE
r-devel-linux-x86_64-debian-gcc 0.1.1 6.79 34.58 41.37 NOTE
r-devel-linux-x86_64-fedora-clang 0.1.1 53.00 50.44 103.44 NOTE
r-devel-linux-x86_64-fedora-gcc 0.1.1 25.00 64.04 89.04 NOTE
r-devel-windows-x86_64 0.1.1 16.00 85.00 101.00 NOTE
r-patched-linux-x86_64 0.1.1 10.52 46.33 56.85 NOTE
r-release-linux-x86_64 0.1.1 11.80 45.80 57.60 NOTE
r-release-macos-arm64 0.1.1 6.00 25.00 31.00 NOTE
r-release-macos-x86_64 0.1.1 12.00 47.00 59.00 NOTE
r-release-windows-x86_64 0.1.1 15.00 78.00 93.00 NOTE
r-oldrel-macos-arm64 0.1.1 6.00 24.00 30.00 NOTE
r-oldrel-macos-x86_64 0.1.1 7.00 37.00 44.00 NOTE
r-oldrel-windows-x86_64 0.1.1 18.00 101.00 119.00 NOTE

Check Details

Version: 0.1.1
Check: CRAN incoming feasibility
Result: NOTE Maintainer: ‘Christopher Strothmann <rdmpackage@gmail.com>’ The Description field contains presented in Strothmann et al. (2022) <arXiv:2201.03329> and Strothmann Please refer to arXiv e-prints via their arXiv DOI <doi:10.48550/arXiv.YYMM.NNNNN>. Flavors: r-devel-linux-x86_64-debian-clang, r-devel-linux-x86_64-debian-gcc

Version: 0.1.1
Check: Rd files
Result: NOTE checkRd: (-1) computeCBMeasure.Rd:26: Lost braces in \itemize; meant \describe ? checkRd: (-1) computeCBMeasure.Rd:27: Lost braces in \itemize; meant \describe ? checkRd: (-1) computeCBMeasure.Rd:28: Lost braces in \itemize; meant \describe ? checkRd: (-1) computeCBMeasure.Rd:29: Lost braces in \itemize; meant \describe ? checkRd: (-1) computeCBMeasure.Rd:30: Lost braces in \itemize; meant \describe ? checkRd: (-1) rdm.Rd:52: Lost braces in \itemize; meant \describe ? checkRd: (-1) rdm.Rd:53: Lost braces in \itemize; meant \describe ? checkRd: (-1) rdm.Rd:54: Lost braces in \itemize; meant \describe ? checkRd: (-1) rdm.Rd:55: Lost braces in \itemize; meant \describe ? checkRd: (-1) rdm.Rd:56: Lost braces in \itemize; meant \describe ? Flavors: r-devel-linux-x86_64-debian-clang, r-devel-linux-x86_64-debian-gcc, r-devel-linux-x86_64-fedora-clang, r-devel-linux-x86_64-fedora-gcc, r-devel-windows-x86_64, r-patched-linux-x86_64, r-release-linux-x86_64, r-release-macos-arm64, r-release-macos-x86_64, r-release-windows-x86_64, r-oldrel-macos-arm64, r-oldrel-macos-x86_64, r-oldrel-windows-x86_64