Last updated on 2025-10-22 09:50:48 CEST.
Flavor | Version | Tinstall | Tcheck | Ttotal | Status | Flags |
---|---|---|---|---|---|---|
r-devel-linux-x86_64-debian-clang | 1.3 | 6.63 | 60.95 | 67.58 | NOTE | |
r-devel-linux-x86_64-debian-gcc | 1.3 | 4.85 | 44.09 | 48.94 | NOTE | |
r-devel-linux-x86_64-fedora-clang | 1.3 | 15.00 | 92.98 | 107.98 | OK | |
r-devel-linux-x86_64-fedora-gcc | 1.3 | 15.00 | 82.28 | 97.28 | OK | |
r-devel-windows-x86_64 | 1.3 | 8.00 | 68.00 | 76.00 | OK | |
r-patched-linux-x86_64 | 1.3 | 6.26 | 57.64 | 63.90 | OK | |
r-release-linux-x86_64 | 1.3 | 6.56 | 57.73 | 64.29 | OK | |
r-release-macos-arm64 | 1.3 | 3.00 | 24.00 | 27.00 | OK | |
r-release-macos-x86_64 | 1.3 | 5.00 | 43.00 | 48.00 | OK | |
r-release-windows-x86_64 | 1.3 | 9.00 | 69.00 | 78.00 | OK | |
r-oldrel-macos-arm64 | 1.3 | 3.00 | 24.00 | 27.00 | OK | |
r-oldrel-macos-x86_64 | 1.3 | 4.00 | 36.00 | 40.00 | OK | |
r-oldrel-windows-x86_64 | 1.3 | 11.00 | 91.00 | 102.00 | OK |
Version: 1.3
Check: CRAN incoming feasibility
Result: NOTE
Maintainer: ‘Hasan BULUT <hasan.bulut@omu.edu.tr>’
No Authors@R field in DESCRIPTION.
Please add one, modifying
Authors@R: person(given = "Hasan",
family = "BULUT",
role = c("aut", "cre"),
email = "hasan.bulut@omu.edu.tr")
as necessary.
Flavors: r-devel-linux-x86_64-debian-clang, r-devel-linux-x86_64-debian-gcc