Last updated on 2025-07-04 09:50:01 CEST.
Flavor | Version | Tinstall | Tcheck | Ttotal | Status | Flags |
---|---|---|---|---|---|---|
r-devel-linux-x86_64-debian-clang | 0.2.8 | 9.82 | 80.51 | 90.33 | OK | |
r-devel-linux-x86_64-debian-gcc | 0.2.8 | 7.64 | 55.01 | 62.65 | OK | |
r-devel-linux-x86_64-fedora-clang | 0.2.8 | 140.79 | OK | |||
r-devel-linux-x86_64-fedora-gcc | 0.2.8 | 135.98 | OK | |||
r-devel-windows-x86_64 | 0.2.8 | 10.00 | 92.00 | 102.00 | OK | |
r-patched-linux-x86_64 | 0.2.8 | 11.06 | 75.34 | 86.40 | OK | |
r-release-linux-x86_64 | 0.2.8 | 9.86 | 75.07 | 84.93 | OK | |
r-release-macos-arm64 | 0.2.8 | 38.00 | OK | |||
r-release-macos-x86_64 | 0.2.8 | 72.00 | OK | |||
r-release-windows-x86_64 | 0.2.8 | 12.00 | 91.00 | 103.00 | OK | |
r-oldrel-macos-arm64 | 0.2.8 | 41.00 | NOTE | |||
r-oldrel-macos-x86_64 | 0.2.8 | 94.00 | NOTE | |||
r-oldrel-windows-x86_64 | 0.2.8 | 11.00 | 113.00 | 124.00 | NOTE |
Version: 0.2.8
Check: installed package size
Result: NOTE
installed size is 5.1Mb
sub-directories of 1Mb or more:
java 4.2Mb
Flavors: r-oldrel-macos-arm64, r-oldrel-macos-x86_64, r-oldrel-windows-x86_64