CRAN Package Check Results for Package RKEEL

Last updated on 2025-10-22 09:50:49 CEST.

Flavor Version Tinstall Tcheck Ttotal Status Flags
r-devel-linux-x86_64-debian-clang 1.3.4 94.74 355.81 450.55 NOTE
r-devel-linux-x86_64-debian-gcc 1.3.4 56.68 245.94 302.62 NOTE
r-devel-linux-x86_64-fedora-clang 1.3.4 283.00 467.23 750.23 NOTE
r-devel-linux-x86_64-fedora-gcc 1.3.4 192.00 513.46 705.46 NOTE
r-devel-windows-x86_64 1.3.4 97.00 451.00 548.00 OK
r-patched-linux-x86_64 1.3.4 96.90 338.12 435.02 OK
r-release-linux-x86_64 1.3.4 89.65 341.32 430.97 OK
r-release-macos-arm64 1.3.4 65.00 205.00 270.00 OK
r-release-macos-x86_64 1.3.4 136.00 333.00 469.00 OK
r-release-windows-x86_64 1.3.4 99.00 453.00 552.00 OK
r-oldrel-macos-arm64 1.3.4 78.00 178.00 256.00 NOTE
r-oldrel-macos-x86_64 1.3.4 116.00 258.00 374.00 NOTE
r-oldrel-windows-x86_64 1.3.4 134.00 555.00 689.00 NOTE

Check Details

Version: 1.3.4
Check: HTML version of manual
Result: NOTE Found the following HTML validation problems: writeDatFromDataframes.html:59:1 (writeDatFromDataframes.Rd:16): Warning: missing </ul> before </div> Flavors: r-devel-linux-x86_64-debian-clang, r-devel-linux-x86_64-debian-gcc

Version: 1.3.4
Check: dependencies in R code
Result: NOTE Namespaces in Imports field not imported from: ‘Matrix’ ‘arules’ ‘pmml’ ‘rJava’ All declared Imports should be used. Flavors: r-devel-linux-x86_64-fedora-clang, r-devel-linux-x86_64-fedora-gcc

Version: 1.3.4
Check: installed package size
Result: NOTE installed size is 28.3Mb sub-directories of 1Mb or more: R 4.0Mb exe 23.8Mb Flavors: r-oldrel-macos-arm64, r-oldrel-macos-x86_64, r-oldrel-windows-x86_64