Last updated on 2025-10-22 09:50:49 CEST.
Flavor | Version | Tinstall | Tcheck | Ttotal | Status | Flags |
---|---|---|---|---|---|---|
r-devel-linux-x86_64-debian-clang | 0.11.1 | 7.31 | 35.94 | 43.25 | NOTE | |
r-devel-linux-x86_64-debian-gcc | 0.11.1 | 5.43 | 27.83 | 33.26 | NOTE | |
r-devel-linux-x86_64-fedora-clang | 0.11.1 | 19.00 | 46.58 | 65.58 | OK | |
r-devel-linux-x86_64-fedora-gcc | 0.11.1 | 19.00 | 43.86 | 62.86 | OK | |
r-devel-windows-x86_64 | 0.11.1 | 21.00 | 132.00 | 153.00 | OK | |
r-patched-linux-x86_64 | 0.11.1 | 6.18 | 34.55 | 40.73 | OK | |
r-release-linux-x86_64 | 0.11.1 | 6.29 | 34.72 | 41.01 | OK | |
r-release-macos-arm64 | 0.11.1 | 9.00 | 45.00 | 54.00 | OK | |
r-release-macos-x86_64 | 0.11.1 | 18.00 | 83.00 | 101.00 | OK | |
r-release-windows-x86_64 | 0.11.1 | 23.00 | 134.00 | 157.00 | OK | |
r-oldrel-macos-arm64 | 0.11.1 | 10.00 | 38.00 | 48.00 | OK | |
r-oldrel-macos-x86_64 | 0.11.1 | 18.00 | 90.00 | 108.00 | OK | |
r-oldrel-windows-x86_64 | 0.11.1 | 23.00 | 143.00 | 166.00 | OK |
Version: 0.11.1
Check: HTML version of manual
Result: NOTE
Found the following HTML validation problems:
dbWriteTable.html:151:1 (dbWriteTable.Rd:86): Warning: missing </ul> before </div>
make.db.names-MySQLConnection-character-method.html:105:1 (make.db.names-MySQLConnection-character-method.Rd:53): Warning: missing </ul> before </div>
Flavors: r-devel-linux-x86_64-debian-clang, r-devel-linux-x86_64-debian-gcc