Last updated on 2025-10-22 09:50:50 CEST.
Flavor | Version | Tinstall | Tcheck | Ttotal | Status | Flags |
---|---|---|---|---|---|---|
r-devel-linux-x86_64-debian-clang | 2.1.2 | 3.04 | 66.05 | 69.09 | NOTE | |
r-devel-linux-x86_64-debian-gcc | 2.1.2 | 2.31 | 48.29 | 50.60 | NOTE | |
r-devel-linux-x86_64-fedora-clang | 2.1.2 | 103.78 | OK | |||
r-devel-linux-x86_64-fedora-gcc | 2.1.2 | 116.96 | OK | |||
r-devel-windows-x86_64 | 2.1.2 | 4.00 | 93.00 | 97.00 | OK | |
r-patched-linux-x86_64 | 2.1.2 | 3.59 | 62.37 | 65.96 | OK | |
r-release-linux-x86_64 | 2.1.2 | 2.68 | 62.35 | 65.03 | OK | |
r-release-macos-arm64 | 2.1.2 | 2.00 | 39.00 | 41.00 | OK | |
r-release-macos-x86_64 | 2.1.2 | 3.00 | 74.00 | 77.00 | OK | |
r-release-windows-x86_64 | 2.1.2 | 5.00 | 89.00 | 94.00 | OK | |
r-oldrel-macos-arm64 | 2.1.2 | 2.00 | 52.00 | 54.00 | OK | |
r-oldrel-macos-x86_64 | 2.1.2 | 4.00 | 57.00 | 61.00 | OK | |
r-oldrel-windows-x86_64 | 2.1.2 | 7.00 | 109.00 | 116.00 | OK |
Version: 2.1.2
Check: HTML version of manual
Result: NOTE
Found the following HTML validation problems:
ciAUC.html:52:1 (ciAUC.Rd:14): Warning: missing </ul> before </div>
ciROC.html:53:1 (ciROC.Rd:15): Warning: missing </ul> before </div>
gainstable.html:48:1 (gainstable.Rd:11): Warning: missing </ul> before </div>
ksplot.html:52:1 (ksplot.Rd:14): Warning: missing </ul> before </div>
measureit.html:48:1 (measureit.Rd:11): Warning: missing </ul> before </div>
Flavors: r-devel-linux-x86_64-debian-clang, r-devel-linux-x86_64-debian-gcc