CRAN Package Check Results for Package RODBCDBI

Last updated on 2025-10-22 09:50:50 CEST.

Flavor Version Tinstall Tcheck Ttotal Status Flags
r-devel-linux-x86_64-debian-clang 0.1.1 3.79 28.78 32.57 NOTE
r-devel-linux-x86_64-debian-gcc 0.1.1 2.82 23.19 26.01 NOTE
r-devel-linux-x86_64-fedora-clang 0.1.1 47.56 OK
r-devel-linux-x86_64-fedora-gcc 0.1.1 44.64 OK
r-devel-windows-x86_64 0.1.1 4.00 47.00 51.00 OK
r-patched-linux-x86_64 0.1.1 3.42 26.84 30.26 OK
r-release-linux-x86_64 0.1.1 3.47 26.68 30.15 OK
r-release-macos-arm64 0.1.1 2.00 19.00 21.00 OK
r-release-macos-x86_64 0.1.1 3.00 29.00 32.00 OK
r-release-windows-x86_64 0.1.1 4.00 48.00 52.00 OK
r-oldrel-macos-arm64 0.1.1 1.00 18.00 19.00 OK
r-oldrel-macos-x86_64 0.1.1 3.00 23.00 26.00 OK
r-oldrel-windows-x86_64 0.1.1 6.00 54.00 60.00 OK

Check Details

Version: 0.1.1
Check: HTML version of manual
Result: NOTE Found the following HTML validation problems: dbGetInfo-ODBCConnection-method.html:51:1 (dbGetInfo-ODBCConnection-method.Rd:13): Warning: missing </ul> before </div> dbListTables-ODBCConnection-method.html:47:1 (dbListTables-ODBCConnection-method.Rd:11): Warning: missing </ul> before </div> dbRemoveTable-ODBCConnection-character-method.html:51:1 (dbRemoveTable-ODBCConnection-character-method.Rd:13): Warning: missing </ul> before </div> odbc-query.html:75:1 (odbc-query.Rd:28): Warning: missing </ul> before </div> Flavors: r-devel-linux-x86_64-debian-clang, r-devel-linux-x86_64-debian-gcc