Last updated on 2025-10-22 09:50:48 CEST.
Flavor | Version | Tinstall | Tcheck | Ttotal | Status | Flags |
---|---|---|---|---|---|---|
r-devel-linux-x86_64-debian-clang | 0.0.2 | 6.88 | 61.24 | 68.12 | NOTE | |
r-devel-linux-x86_64-debian-gcc | 0.0.2 | 4.81 | 44.04 | 48.85 | NOTE | |
r-devel-linux-x86_64-fedora-clang | 0.0.2 | 17.00 | 84.45 | 101.45 | OK | |
r-devel-linux-x86_64-fedora-gcc | 0.0.2 | 15.00 | 80.34 | 95.34 | OK | |
r-devel-windows-x86_64 | 0.0.2 | 8.00 | 70.00 | 78.00 | OK | |
r-patched-linux-x86_64 | 0.0.2 | 5.31 | 56.24 | 61.55 | OK | |
r-release-linux-x86_64 | 0.0.2 | 6.04 | 55.98 | 62.02 | OK | |
r-release-macos-arm64 | 0.0.2 | 3.00 | 26.00 | 29.00 | OK | |
r-release-macos-x86_64 | 0.0.2 | 5.00 | 52.00 | 57.00 | OK | |
r-release-windows-x86_64 | 0.0.2 | 9.00 | 70.00 | 79.00 | OK | |
r-oldrel-macos-arm64 | 0.0.2 | 3.00 | 27.00 | 30.00 | OK | |
r-oldrel-macos-x86_64 | 0.0.2 | 5.00 | 36.00 | 41.00 | OK | |
r-oldrel-windows-x86_64 | 0.0.2 | 11.00 | 86.00 | 97.00 | OK |
Version: 0.0.2
Check: HTML version of manual
Result: NOTE
Found the following HTML validation problems:
helpers.html:148:1 (helpers.Rd:71): Warning: missing </ul> before </div>
Flavors: r-devel-linux-x86_64-debian-clang, r-devel-linux-x86_64-debian-gcc