CRAN Package Check Results for Package RcmdrPlugin.depthTools

Last updated on 2025-10-22 09:50:48 CEST.

Flavor Version Tinstall Tcheck Ttotal Status Flags
r-devel-linux-x86_64-debian-clang 1.4 16.16 146.74 162.90 NOTE
r-devel-linux-x86_64-debian-gcc 1.4 13.59 108.75 122.34 NOTE
r-devel-linux-x86_64-fedora-clang 1.4 51.00 208.84 259.84 OK
r-devel-linux-x86_64-fedora-gcc 1.4 37.00 203.20 240.20 OK
r-devel-windows-x86_64 1.4 22.00 236.00 258.00 OK
r-patched-linux-x86_64 1.4 16.03 135.69 151.72 OK
r-release-linux-x86_64 1.4 16.80 137.24 154.04 OK
r-release-macos-arm64 1.4 6.00 66.00 72.00 OK
r-release-macos-x86_64 1.4 16.00 119.00 135.00 OK
r-release-windows-x86_64 1.4 24.00 196.00 220.00 OK
r-oldrel-macos-arm64 1.4 6.00 63.00 69.00 OK
r-oldrel-macos-x86_64 1.4 11.00 90.00 101.00 OK
r-oldrel-windows-x86_64 1.4 24.00 180.00 204.00 OK

Check Details

Version: 1.4
Check: CRAN incoming feasibility
Result: NOTE Maintainer: ‘Aurora Torrente <etorrent@est-econ.uc3m.es>’ No Authors@R field in DESCRIPTION. Please add one, modifying Authors@R: c(person(given = "Sara", family = "Lopez-Pintado", role = "aut", email = "sl2929@columbia.edu"), person(given = "Aurora", family = "Torrente.", role = "aut", email = "etorrent@est-econ.uc3m.es"), person(given = "Aurora", family = "Torrente", role = "cre", email = "etorrent@est-econ.uc3m.es")) as necessary. Flavors: r-devel-linux-x86_64-debian-clang, r-devel-linux-x86_64-debian-gcc