CRAN Package Check Results for Package RcppCNPy

Last updated on 2025-10-22 09:50:48 CEST.

Flavor Version Tinstall Tcheck Ttotal Status Flags
r-devel-linux-x86_64-debian-clang 0.2.13 14.68 37.40 52.08 NOTE
r-devel-linux-x86_64-debian-gcc 0.2.13 10.66 30.78 41.44 NOTE
r-devel-linux-x86_64-fedora-clang 0.2.13 31.00 50.08 81.08 OK
r-devel-linux-x86_64-fedora-gcc 0.2.13 35.00 55.25 90.25 OK
r-devel-windows-x86_64 0.2.13 19.00 94.00 113.00 OK
r-patched-linux-x86_64 0.2.13 14.83 34.68 49.51 NOTE
r-release-linux-x86_64 0.2.13 15.62 34.82 50.44 NOTE
r-release-macos-arm64 0.2.13 6.00 32.00 38.00 OK
r-release-macos-x86_64 0.2.13 13.00 67.00 80.00 OK
r-release-windows-x86_64 0.2.13 17.00 95.00 112.00 OK
r-oldrel-macos-arm64 0.2.13 7.00 43.00 50.00 OK
r-oldrel-macos-x86_64 0.2.13 14.00 69.00 83.00 OK
r-oldrel-windows-x86_64 0.2.13 19.00 98.00 117.00 OK

Check Details

Version: 0.2.13
Check: for unstated dependencies in ‘demo’
Result: NOTE 'library' or 'require' call not declared from: ‘rbenchmark’ Flavors: r-devel-linux-x86_64-debian-clang, r-devel-linux-x86_64-debian-gcc, r-patched-linux-x86_64, r-release-linux-x86_64