CRAN Package Check Results for Package RcppFarmHash

Last updated on 2025-10-22 09:50:48 CEST.

Flavor Version Tinstall Tcheck Ttotal Status Flags
r-devel-linux-x86_64-debian-clang 0.0.3 10.90 24.38 35.28 NOTE
r-devel-linux-x86_64-debian-gcc 0.0.3 7.40 20.58 27.98 NOTE
r-devel-linux-x86_64-fedora-clang 0.0.3 32.00 24.97 56.97 OK
r-devel-linux-x86_64-fedora-gcc 0.0.3 18.00 33.56 51.56 OK
r-devel-windows-x86_64 0.0.3 15.00 63.00 78.00 OK
r-patched-linux-x86_64 0.0.3 10.67 22.01 32.68 OK
r-release-linux-x86_64 0.0.3 10.89 22.05 32.94 OK
r-release-macos-arm64 0.0.3 8.00 16.00 24.00 OK
r-release-macos-x86_64 0.0.3 14.00 29.00 43.00 OK
r-release-windows-x86_64 0.0.3 14.00 64.00 78.00 OK
r-oldrel-macos-arm64 0.0.3 7.00 15.00 22.00 OK
r-oldrel-macos-x86_64 0.0.3 11.00 23.00 34.00 OK
r-oldrel-windows-x86_64 0.0.3 12.00 74.00 86.00 OK

Check Details

Version: 0.0.3
Check: CRAN incoming feasibility
Result: NOTE Maintainer: ‘Dirk Eddelbuettel <edd@debian.org>’ No Authors@R field in DESCRIPTION. Please add one, modifying Authors@R: person(given = "Dirk", family = "Eddelbuettel", role = c("aut", "cre"), email = "edd@debian.org") as necessary. Flavors: r-devel-linux-x86_64-debian-clang, r-devel-linux-x86_64-debian-gcc