Last updated on 2025-10-22 09:50:48 CEST.
Flavor | Version | Tinstall | Tcheck | Ttotal | Status | Flags |
---|---|---|---|---|---|---|
r-devel-linux-x86_64-debian-clang | 0.3.13 | 14.89 | 34.34 | 49.23 | NOTE | |
r-devel-linux-x86_64-debian-gcc | 0.3.13 | 9.26 | 27.79 | 37.05 | NOTE | |
r-devel-linux-x86_64-fedora-clang | 0.3.13 | 41.00 | 42.27 | 83.27 | OK | |
r-devel-linux-x86_64-fedora-gcc | 0.3.13 | 27.00 | 60.57 | 87.57 | OK | |
r-devel-windows-x86_64 | 0.3.13 | 20.00 | 95.00 | 115.00 | OK | |
r-patched-linux-x86_64 | 0.3.13 | 13.28 | 32.30 | 45.58 | OK | |
r-release-linux-x86_64 | 0.3.13 | 12.69 | 31.93 | 44.62 | OK | |
r-release-macos-arm64 | 0.3.13 | 9.00 | 37.00 | 46.00 | OK | |
r-release-macos-x86_64 | 0.3.13 | 13.00 | 84.00 | 97.00 | OK | |
r-release-windows-x86_64 | 0.3.13 | 20.00 | 103.00 | 123.00 | OK | |
r-oldrel-macos-arm64 | 0.3.13 | 8.00 | 45.00 | 53.00 | OK | |
r-oldrel-macos-x86_64 | 0.3.13 | 11.00 | 55.00 | 66.00 | OK | |
r-oldrel-windows-x86_64 | 0.3.13 | 25.00 | 122.00 | 147.00 | OK |
Version: 0.3.13
Check: CRAN incoming feasibility
Result: NOTE
Maintainer: ‘Dirk Eddelbuettel <edd@debian.org>’
No Authors@R field in DESCRIPTION.
Please add one, modifying
Authors@R: c(person(given = "Dirk",
family = "Eddelbuettel",
role = c("aut", "cre"),
email = "edd@debian.org"),
person(given = "Romain",
family = "Francois",
role = "aut"))
as necessary.
Flavors: r-devel-linux-x86_64-debian-clang, r-devel-linux-x86_64-debian-gcc