CRAN Package Check Results for Package RcppJagger

Last updated on 2025-10-22 09:50:48 CEST.

Flavor Version Tinstall Tcheck Ttotal Status Flags
r-devel-linux-x86_64-debian-clang 0.0.2 13.82 27.44 41.26 NOTE
r-devel-linux-x86_64-debian-gcc 0.0.2 11.29 21.41 32.70 NOTE
r-devel-linux-x86_64-fedora-clang 0.0.2 42.00 27.41 69.41 OK
r-devel-linux-x86_64-fedora-gcc 0.0.2 31.00 37.22 68.22 OK
r-devel-windows-x86_64 0.0.2 23.00 70.00 93.00 OK
r-patched-linux-x86_64 0.0.2 15.54 25.83 41.37 OK
r-release-linux-x86_64 0.0.2 16.16 25.88 42.04 OK
r-release-macos-arm64 0.0.2 7.00 16.00 23.00 OK
r-release-macos-x86_64 0.0.2 12.00 25.00 37.00 OK
r-release-windows-x86_64 0.0.2 24.00 74.00 98.00 OK
r-oldrel-macos-arm64 0.0.2 6.00 15.00 21.00 OK
r-oldrel-macos-x86_64 0.0.2 10.00 24.00 34.00 OK
r-oldrel-windows-x86_64 0.0.2 28.00 79.00 107.00 OK

Check Details

Version: 0.0.2
Check: CRAN incoming feasibility
Result: NOTE Maintainer: ‘Shusei Eshima <shuseieshima@gmail.com>’ The Description field contains (2023) <arXiv:2305.19045>. Jagger uses patterns derived from Please refer to arXiv e-prints via their arXiv DOI <doi:10.48550/arXiv.YYMM.NNNNN>. Flavors: r-devel-linux-x86_64-debian-clang, r-devel-linux-x86_64-debian-gcc