CRAN Package Check Results for Package RcppRoll

Last updated on 2025-10-22 09:50:48 CEST.

Flavor Version Tinstall Tcheck Ttotal Status Flags
r-devel-linux-x86_64-debian-clang 0.3.1 14.28 43.17 57.45 NOTE
r-devel-linux-x86_64-debian-gcc 0.3.1 12.19 31.56 43.75 NOTE
r-devel-linux-x86_64-fedora-clang 0.3.1 80.00 26.38 106.38 OK
r-devel-linux-x86_64-fedora-gcc 0.3.1 29.00 64.08 93.08 OK
r-devel-windows-x86_64 0.3.1 18.00 86.00 104.00 OK
r-patched-linux-x86_64 0.3.1 16.17 41.87 58.04 OK
r-release-linux-x86_64 0.3.1 16.10 41.00 57.10 OK
r-release-macos-arm64 0.3.1 8.00 22.00 30.00 OK
r-release-macos-x86_64 0.3.1 11.00 43.00 54.00 OK
r-release-windows-x86_64 0.3.1 19.00 91.00 110.00 OK
r-oldrel-macos-arm64 0.3.1 6.00 26.00 32.00 OK
r-oldrel-macos-x86_64 0.3.1 35.00 78.00 113.00 OK
r-oldrel-windows-x86_64 0.3.1 21.00 105.00 126.00 OK

Check Details

Version: 0.3.1
Check: CRAN incoming feasibility
Result: NOTE Maintainer: ‘Kevin Ushey <kevinushey@gmail.com>’ No Authors@R field in DESCRIPTION. Please add one, modifying Authors@R: person(given = "Kevin", family = "Ushey", role = c("aut", "cre"), email = "kevinushey@gmail.com") as necessary. Flavors: r-devel-linux-x86_64-debian-clang, r-devel-linux-x86_64-debian-gcc