Last updated on 2025-10-22 09:50:48 CEST.
Flavor | Version | Tinstall | Tcheck | Ttotal | Status | Flags |
---|---|---|---|---|---|---|
r-devel-linux-x86_64-debian-clang | 2.0.0 | 11.74 | 81.91 | 93.65 | NOTE | |
r-devel-linux-x86_64-debian-gcc | 2.0.0 | 9.42 | 58.62 | 68.04 | NOTE | |
r-devel-linux-x86_64-fedora-clang | 2.0.0 | 126.00 | 41.94 | 167.94 | OK | |
r-devel-linux-x86_64-fedora-gcc | 2.0.0 | 29.00 | 109.29 | 138.29 | OK | |
r-devel-windows-x86_64 | 2.0.0 | 14.00 | 87.00 | 101.00 | OK | |
r-patched-linux-x86_64 | 2.0.0 | 14.15 | 77.28 | 91.43 | OK | |
r-release-linux-x86_64 | 2.0.0 | 12.73 | 76.91 | 89.64 | OK | |
r-release-macos-arm64 | 2.0.0 | 5.00 | 28.00 | 33.00 | OK | |
r-release-macos-x86_64 | 2.0.0 | 10.00 | 50.00 | 60.00 | OK | |
r-release-windows-x86_64 | 2.0.0 | 14.00 | 89.00 | 103.00 | OK | |
r-oldrel-macos-arm64 | 2.0.0 | 6.00 | 39.00 | 45.00 | OK | |
r-oldrel-macos-x86_64 | 2.0.0 | 11.00 | 67.00 | 78.00 | OK | |
r-oldrel-windows-x86_64 | 2.0.0 | 19.00 | 115.00 | 134.00 | OK |
Version: 2.0.0
Check: HTML version of manual
Result: NOTE
Found the following HTML validation problems:
basismfd.html:130:1 (basismfd.Rd:93): Warning: <h5> anchor "Usage" already defined
basismfd.html:136:1 (basismfd.Rd:97): Warning: <h5> anchor "Arguments" already defined
basismfd.html:166:1 (basismfd.Rd:113): Warning: <h5> anchor "Usage" already defined
basismfd.html:172:1 (basismfd.Rd:117): Warning: <h5> anchor "Arguments" already defined
basismfd.html:200:1 (basismfd.Rd:135): Warning: <h5> anchor "Usage" already defined
basismfd.html:206:1 (basismfd.Rd:139): Warning: <h5> anchor "Arguments" already defined
length.html:50:1 (length.Rd:12): Warning: missing </ul> before </div>
mfd.html:146:1 (mfd.Rd:106): Warning: <h5> anchor "Usage" already defined
mfd.html:152:1 (mfd.Rd:110): Warning: <h5> anchor "Arguments" already defined
mfd.html:182:1 (mfd.Rd:126): Warning: <h5> anchor "Usage" already defined
mfd.html:188:1 (mfd.Rd:130): Warning: <h5> anchor "Arguments" already defined
mfd.html:211:1 (mfd.Rd:143): Warning: <h5> anchor "Usage" already defined
mfd.html:217:1 (mfd.Rd:147): Warning: <h5> anchor "Arguments" already defined
mvbasismfd.html:146:1 (mvbasismfd.Rd:81): Warning: <h5> anchor "Usage" already defined
mvbasismfd.html:152:1 (mvbasismfd.Rd:85): Warning: <h5> anchor "Arguments" already defined
mvbasismfd.html:182:1 (mvbasismfd.Rd:101): Warning: <h5> anchor "Usage" already defined
mvbasismfd.html:188:1 (mvbasismfd.Rd:105): Warning: <h5> anchor "Arguments" already defined
mvmfd.html:125:1 (mvmfd.Rd:95): Warning: <h5> anchor "Usage" already defined
mvmfd.html:131:1 (mvmfd.Rd:99): Warning: <h5> anchor "Arguments" already defined
mvmfd.html:161:1 (mvmfd.Rd:115): Warning: <h5> anchor "Usage" already defined
mvmfd.html:167:1 (mvmfd.Rd:119): Warning: <h5> anchor "Arguments" already defined
mvmfd.html:190:1 (mvmfd.Rd:132): Warning: <h5> anchor "Usage" already defined
mvmfd.html:196:1 (mvmfd.Rd:136): Warning: <h5> anchor "Arguments" already defined
plot.html:50:1 (plot.Rd:12): Warning: missing </ul> before </div>
remfpca.html:239:1 (remfpca.Rd:202): Warning: <h5> anchor "Usage" already defined
remfpca.html:245:1 (remfpca.Rd:206): Warning: <h5> anchor "Arguments" already defined
Flavors: r-devel-linux-x86_64-debian-clang, r-devel-linux-x86_64-debian-gcc