Last updated on 2025-07-03 09:50:50 CEST.
Flavor | Version | Tinstall | Tcheck | Ttotal | Status | Flags |
---|---|---|---|---|---|---|
r-devel-linux-x86_64-debian-clang | 0.2.11 | 29.39 | 228.78 | 258.17 | NOTE | |
r-devel-linux-x86_64-debian-gcc | 0.2.11 | 17.23 | 141.25 | 158.48 | NOTE | |
r-devel-linux-x86_64-fedora-clang | 0.2.11 | 403.82 | OK | |||
r-devel-linux-x86_64-fedora-gcc | 0.2.11 | 385.12 | OK | |||
r-devel-windows-x86_64 | 0.2.11 | 24.00 | 170.00 | 194.00 | OK | |
r-patched-linux-x86_64 | 0.2.11 | 27.28 | 213.55 | 240.83 | OK | |
r-release-linux-x86_64 | 0.2.11 | 27.61 | 216.45 | 244.06 | OK | |
r-release-macos-arm64 | 0.2.11 | 76.00 | OK | |||
r-release-macos-x86_64 | 0.2.11 | 182.00 | OK | |||
r-release-windows-x86_64 | 0.2.11 | 24.00 | 173.00 | 197.00 | OK | |
r-oldrel-macos-arm64 | 0.2.11 | 75.00 | OK | |||
r-oldrel-macos-x86_64 | 0.2.11 | 144.00 | OK | |||
r-oldrel-windows-x86_64 | 0.2.11 | 33.00 | 236.00 | 269.00 | OK |
Version: 0.2.11
Check: CRAN incoming feasibility
Result: NOTE
Maintainer: ‘Subhadip Datta <subhadipdatta007@gmail.com>’
No Authors@R field in DESCRIPTION.
Please add one, modifying
Authors@R: person(given = "Subhadip",
family = "Datta",
role = c("aut", "cre"),
email = "subhadipdatta007@gmail.com")
as necessary.
Flavors: r-devel-linux-x86_64-debian-clang, r-devel-linux-x86_64-debian-gcc