Last updated on 2025-10-21 09:48:44 CEST.
Flavor | Version | Tinstall | Tcheck | Ttotal | Status | Flags |
---|---|---|---|---|---|---|
r-devel-linux-x86_64-debian-clang | 2.2.0 | 7.91 | 448.91 | 456.82 | OK | |
r-devel-linux-x86_64-debian-gcc | 2.2.0 | 6.21 | 295.63 | 301.84 | NOTE | |
r-devel-linux-x86_64-fedora-clang | 2.2.0 | 828.43 | OK | |||
r-devel-linux-x86_64-fedora-gcc | 2.2.0 | 785.48 | OK | |||
r-devel-windows-x86_64 | 2.2.0 | 11.00 | 440.00 | 451.00 | OK | |
r-patched-linux-x86_64 | 2.2.0 | 10.16 | 426.51 | 436.67 | OK | |
r-release-linux-x86_64 | 2.2.0 | 7.87 | 428.66 | 436.53 | OK | |
r-release-macos-arm64 | 2.2.0 | 199.00 | OK | |||
r-release-macos-x86_64 | 2.2.0 | 445.00 | OK | |||
r-release-windows-x86_64 | 2.2.0 | 11.00 | 443.00 | 454.00 | OK | |
r-oldrel-macos-arm64 | 2.2.0 | 187.00 | OK | |||
r-oldrel-macos-x86_64 | 2.2.0 | 338.00 | OK | |||
r-oldrel-windows-x86_64 | 2.2.0 | 16.00 | 618.00 | 634.00 | OK |
Version: 2.2.0
Check: top-level files
Result: NOTE
Found the following validation problem for the NEWS.Rd HTML conversion:
NEWS.html:375:1 (inst/NEWS.Rd:155): Warning: missing </ul> before </div>
NEWS.html:71:1 (inst/NEWS.Rd:28): Warning: <h4> anchor "MODIFICATIONS" already defined
NEWS.html:86:1 (inst/NEWS.Rd:36): Warning: <h4> anchor "NEW-FEATURES" already defined
NEWS.html:100:1 (inst/NEWS.Rd:42): Warning: <h4> anchor "MODIFICATIONS" already defined
NEWS.html:117:1 (inst/NEWS.Rd:49): Warning: <h4> anchor "BUG-FIXES" already defined
NEWS.html:132:1 (inst/NEWS.Rd:57): Warning: <h4> anchor "NEW-FEATURES" already defined
NEWS.html:149:1 (inst/NEWS.Rd:64): Warning: <h4> anchor "MODIFICATIONS" already defined
NEWS.html:170:1 (inst/NEWS.Rd:74): Warning: <h4> anchor "NEW-FEATURES" already defined
NEWS.html:202:1 (inst/NEWS.Rd:86): Warning: <h4> anchor "MODIFICATIONS" already defined
NEWS.html:255:1 (inst/NEWS.Rd:106): Warning: <h4> anchor "BUG-FIXES" already defined
NEWS.html:273:1 (inst/NEWS.Rd:115): Warning: <h4> anchor "NEW-FEATURES" already defined
NEWS.html:302:1 (inst/NEWS.Rd:126): Warning: <h4> anchor "MODIFICATIONS" already defined
NEWS.html:343:1 (inst/NEWS.Rd:142): Warning: <h4> anchor "BUG-FIXES" already defined
Flavor: r-devel-linux-x86_64-debian-gcc