CRAN Package Check Results for Package Rediscover

Last updated on 2025-07-04 09:50:01 CEST.

Flavor Version Tinstall Tcheck Ttotal Status Flags
r-devel-linux-x86_64-debian-clang 0.3.2 13.19 107.68 120.87 NOTE
r-devel-linux-x86_64-debian-gcc 0.3.2 9.37 81.98 91.35 NOTE
r-devel-linux-x86_64-fedora-clang 0.3.2 188.90 OK
r-devel-linux-x86_64-fedora-gcc 0.3.2 193.27 OK
r-devel-windows-x86_64 0.3.2 14.00 138.00 152.00 OK
r-patched-linux-x86_64 0.3.2 13.22 103.79 117.01 OK
r-release-linux-x86_64 0.3.2 14.34 105.55 119.89 OK
r-release-macos-arm64 0.3.2 70.00 OK
r-release-macos-x86_64 0.3.2 127.00 OK
r-release-windows-x86_64 0.3.2 15.00 119.00 134.00 OK
r-oldrel-macos-arm64 0.3.2 63.00 OK
r-oldrel-macos-x86_64 0.3.2 98.00 OK
r-oldrel-windows-x86_64 0.3.2 19.00 147.00 166.00 OK

Additional issues

noSuggests

Check Details

Version: 0.3.2
Check: CRAN incoming feasibility
Result: NOTE Maintainer: ‘Juan A. Ferrer-Bonsoms <jafhernandez@tecnun.es>’ No Authors@R field in DESCRIPTION. Please add one, modifying Authors@R: c(person(given = c("Juan", "A."), family = "Ferrer-Bonsoms", role = c("aut", "cre"), email = "jafhernandez@tecnun.es"), person(given = "Laura", family = "Jareno", role = "aut"), person(given = "Angel", family = "Rubio", role = "aut")) as necessary. Flavors: r-devel-linux-x86_64-debian-clang, r-devel-linux-x86_64-debian-gcc