Last updated on 2025-07-04 09:50:01 CEST.
Flavor | Version | Tinstall | Tcheck | Ttotal | Status | Flags |
---|---|---|---|---|---|---|
r-devel-linux-x86_64-debian-clang | 0.1.0 | 14.92 | 119.92 | 134.84 | NOTE | |
r-devel-linux-x86_64-debian-gcc | 0.1.0 | 11.87 | 90.07 | 101.94 | NOTE | |
r-devel-linux-x86_64-fedora-clang | 0.1.0 | 220.50 | NOTE | |||
r-devel-linux-x86_64-fedora-gcc | 0.1.0 | 235.29 | NOTE | |||
r-devel-windows-x86_64 | 0.1.0 | 16.00 | 118.00 | 134.00 | NOTE | |
r-patched-linux-x86_64 | 0.1.0 | 15.93 | 112.51 | 128.44 | NOTE | |
r-release-linux-x86_64 | 0.1.0 | 14.70 | 113.41 | 128.11 | NOTE | |
r-release-macos-arm64 | 0.1.0 | 62.00 | NOTE | |||
r-release-macos-x86_64 | 0.1.0 | 106.00 | NOTE | |||
r-release-windows-x86_64 | 0.1.0 | 15.00 | 118.00 | 133.00 | NOTE | |
r-oldrel-macos-arm64 | 0.1.0 | 61.00 | NOTE | |||
r-oldrel-macos-x86_64 | 0.1.0 | 89.00 | NOTE | |||
r-oldrel-windows-x86_64 | 0.1.0 | 19.00 | 142.00 | 161.00 | NOTE |
Version: 0.1.0
Check: CRAN incoming feasibility
Result: NOTE
Maintainer: ‘Miguel Rodríguez Asensio <miguel.rodriguezasensio@gmail.com>’
No Authors@R field in DESCRIPTION.
Please add one, modifying
Authors@R: person(given = c("Miguel", "Rodríguez"),
family = "Asensio",
role = c("aut", "cre"),
email = "miguel.rodriguezasensio@gmail.com")
as necessary.
Flavors: r-devel-linux-x86_64-debian-clang, r-devel-linux-x86_64-debian-gcc
Version: 0.1.0
Check: Rd files
Result: NOTE
checkRd: (-1) polarizacion_Dalton.Rd:26: Lost braces; missing escapes or markup?
26 | {Pd = sqrt(sum(p_j*(x_j-mean(x_p))/4.5)^2)}
| ^
checkRd: (-1) reparto_div.Rd:37: Lost braces; missing escapes or markup?
37 | The set of divisors is formed by the odd numbers, that is {1,3,..,2n+1}.
| ^
Flavors: r-devel-linux-x86_64-debian-clang, r-devel-linux-x86_64-debian-gcc, r-devel-linux-x86_64-fedora-clang, r-devel-linux-x86_64-fedora-gcc, r-devel-windows-x86_64, r-patched-linux-x86_64, r-release-linux-x86_64, r-release-macos-arm64, r-release-macos-x86_64, r-release-windows-x86_64, r-oldrel-macos-arm64, r-oldrel-macos-x86_64, r-oldrel-windows-x86_64
Version: 0.1.0
Check: dependencies in R code
Result: NOTE
Namespace in Imports field not imported from: ‘rmarkdown’
All declared Imports should be used.
Flavors: r-devel-linux-x86_64-fedora-clang, r-devel-linux-x86_64-fedora-gcc
Version: 0.1.0
Check: LazyData
Result: NOTE
'LazyData' is specified without a 'data' directory
Flavors: r-oldrel-macos-arm64, r-oldrel-macos-x86_64, r-oldrel-windows-x86_64