CRAN Package Check Results for Package Rgbp

Last updated on 2025-10-22 09:50:49 CEST.

Flavor Version Tinstall Tcheck Ttotal Status Flags
r-devel-linux-x86_64-debian-clang 1.1.4 6.46 46.50 52.96 NOTE
r-devel-linux-x86_64-debian-gcc 1.1.4 4.16 33.05 37.21 NOTE
r-devel-linux-x86_64-fedora-clang 1.1.4 49.00 46.17 95.17 OK
r-devel-linux-x86_64-fedora-gcc 1.1.4 12.00 64.45 76.45 OK
r-devel-windows-x86_64 1.1.4 7.00 60.00 67.00 OK
r-patched-linux-x86_64 1.1.4 5.57 44.16 49.73 OK
r-release-linux-x86_64 1.1.4 5.61 44.43 50.04 OK
r-release-macos-arm64 1.1.4 3.00 27.00 30.00 OK
r-release-macos-x86_64 1.1.4 5.00 52.00 57.00 OK
r-release-windows-x86_64 1.1.4 7.00 62.00 69.00 OK
r-oldrel-macos-arm64 1.1.4 3.00 21.00 24.00 OK
r-oldrel-macos-x86_64 1.1.4 4.00 34.00 38.00 OK
r-oldrel-windows-x86_64 1.1.4 10.00 73.00 83.00 OK

Check Details

Version: 1.1.4
Check: CRAN incoming feasibility
Result: NOTE Maintainer: ‘Joseph Kelly <josephkelly@post.harvard.edu>’ No Authors@R field in DESCRIPTION. Please add one, modifying Authors@R: c(person(given = "Joseph", family = "Kelly", role = c("aut", "cre"), email = "josephkelly@post.harvard.edu"), person(given = "Hyungsuk", family = "Tak", role = "aut"), person(given = "Carl", family = "Morris", role = "aut")) as necessary. Flavors: r-devel-linux-x86_64-debian-clang, r-devel-linux-x86_64-debian-gcc