Last updated on 2025-10-22 09:50:49 CEST.
Flavor | Version | Tinstall | Tcheck | Ttotal | Status | Flags |
---|---|---|---|---|---|---|
r-devel-linux-x86_64-debian-clang | 3.3.0 | 61.13 | 141.74 | 202.87 | NOTE | |
r-devel-linux-x86_64-debian-gcc | 3.3.0 | 42.59 | 93.19 | 135.78 | NOTE | |
r-devel-linux-x86_64-fedora-clang | 3.3.0 | 426.00 | -24.79 | 401.21 | OK | |
r-devel-linux-x86_64-fedora-gcc | 3.3.0 | 107.00 | 262.78 | 369.78 | OK | |
r-devel-windows-x86_64 | 3.3.0 | 73.00 | 175.00 | 248.00 | OK | |
r-patched-linux-x86_64 | 3.3.0 | 62.14 | 137.34 | 199.48 | OK | |
r-release-linux-x86_64 | 3.3.0 | 65.60 | 137.23 | 202.83 | OK | |
r-release-macos-arm64 | 3.3.0 | 23.00 | 78.00 | 101.00 | OK | |
r-release-macos-x86_64 | 3.3.0 | 27.00 | 156.00 | 183.00 | OK | |
r-release-windows-x86_64 | 3.3.0 | 75.00 | 172.00 | 247.00 | OK | |
r-oldrel-macos-arm64 | 3.3.0 | 22.00 | 84.00 | 106.00 | OK | |
r-oldrel-macos-x86_64 | 3.3.0 | 22.00 | 165.00 | 187.00 | OK | |
r-oldrel-windows-x86_64 | 3.3.0 | 89.00 | 233.00 | 322.00 | OK |
Version: 3.3.0
Check: HTML version of manual
Result: NOTE
Found the following HTML validation problems:
check.functions.html:62:1 (check.functions.Rd:18): Warning: missing </ul> before </div>
power_studies_results.html:47:1 (power_studies_results.Rd:11): Warning: missing </ul> before </div>
pvaluecdf.html:47:1 (pvaluecdf.Rd:11): Warning: missing </ul> before </div>
Flavors: r-devel-linux-x86_64-debian-clang, r-devel-linux-x86_64-debian-gcc