Last updated on 2025-10-22 09:50:50 CEST.
Flavor | Version | Tinstall | Tcheck | Ttotal | Status | Flags |
---|---|---|---|---|---|---|
r-devel-linux-x86_64-debian-clang | 0.0.1 | 1.98 | 22.78 | 24.76 | NOTE | |
r-devel-linux-x86_64-debian-gcc | 0.0.1 | 1.59 | 18.72 | 20.31 | NOTE | |
r-devel-linux-x86_64-fedora-clang | 0.0.1 | 12.00 | 25.84 | 37.84 | NOTE | |
r-devel-linux-x86_64-fedora-gcc | 0.0.1 | 33.88 | NOTE | |||
r-devel-windows-x86_64 | 0.0.1 | 4.00 | 42.00 | 46.00 | OK | |
r-patched-linux-x86_64 | 0.0.1 | 2.13 | 21.07 | 23.20 | OK | |
r-release-linux-x86_64 | 0.0.1 | 1.96 | 21.16 | 23.12 | OK | |
r-release-macos-arm64 | 0.0.1 | 1.00 | 16.00 | 17.00 | OK | |
r-release-macos-x86_64 | 0.0.1 | 2.00 | 23.00 | 25.00 | OK | |
r-release-windows-x86_64 | 0.0.1 | 5.00 | 44.00 | 49.00 | OK | |
r-oldrel-macos-arm64 | 0.0.1 | 1.00 | 15.00 | 16.00 | OK | |
r-oldrel-macos-x86_64 | 0.0.1 | 2.00 | 20.00 | 22.00 | OK | |
r-oldrel-windows-x86_64 | 0.0.1 | 5.00 | 46.00 | 51.00 | OK |
Version: 0.0.1
Check: HTML version of manual
Result: NOTE
Found the following HTML validation problems:
Arrow3D.html:60:1 (Arrow3D.Rd:17): Warning: missing </ul> before </div>
Flavors: r-devel-linux-x86_64-debian-clang, r-devel-linux-x86_64-debian-gcc
Version: 0.0.1
Check: dependencies in R code
Result: NOTE
Namespace in Imports field not imported from: ‘geometry’
All declared Imports should be used.
Flavors: r-devel-linux-x86_64-fedora-clang, r-devel-linux-x86_64-fedora-gcc