CRAN Package Check Results for Package Rprofet

Last updated on 2025-07-04 09:50:02 CEST.

Flavor Version Tinstall Tcheck Ttotal Status Flags
r-devel-linux-x86_64-debian-clang 3.1.1 7.68 275.76 283.44 OK
r-devel-linux-x86_64-debian-gcc 3.1.1 5.49 198.39 203.88 OK
r-devel-linux-x86_64-fedora-clang 3.1.1 442.81 NOTE
r-devel-linux-x86_64-fedora-gcc 3.1.1 454.96 NOTE
r-devel-windows-x86_64 3.1.1 10.00 204.00 214.00 OK
r-patched-linux-x86_64 3.1.1 8.22 268.97 277.19 OK
r-release-linux-x86_64 3.1.1 6.90 269.70 276.60 OK
r-release-macos-arm64 3.1.1 121.00 OK
r-release-macos-x86_64 3.1.1 224.00 OK
r-release-windows-x86_64 3.1.1 11.00 203.00 214.00 OK
r-oldrel-macos-arm64 3.1.1 114.00 OK
r-oldrel-macos-x86_64 3.1.1 230.00 OK
r-oldrel-windows-x86_64 3.1.1 12.00 818.00 830.00 OK

Check Details

Version: 3.1.1
Check: dependencies in R code
Result: NOTE Namespaces in Imports field not imported from: ‘ROCit’ ‘corrplot’ ‘kableExtra’ ‘purrr’ ‘reshape2’ All declared Imports should be used. Flavors: r-devel-linux-x86_64-fedora-clang, r-devel-linux-x86_64-fedora-gcc