Last updated on 2025-10-22 09:50:50 CEST.
Flavor | Version | Tinstall | Tcheck | Ttotal | Status | Flags |
---|---|---|---|---|---|---|
r-devel-linux-x86_64-debian-clang | 3.2 | 8.88 | 71.30 | 80.18 | NOTE | |
r-devel-linux-x86_64-debian-gcc | 3.2 | 5.20 | 51.48 | 56.68 | NOTE | |
r-devel-linux-x86_64-fedora-clang | 3.2 | 51.00 | 85.87 | 136.87 | OK | |
r-devel-linux-x86_64-fedora-gcc | 3.2 | 19.00 | 100.62 | 119.62 | OK | |
r-devel-windows-x86_64 | 3.2 | 10.00 | 81.00 | 91.00 | OK | |
r-patched-linux-x86_64 | 3.2 | 9.76 | 68.67 | 78.43 | OK | |
r-release-linux-x86_64 | 3.2 | 7.75 | 69.75 | 77.50 | OK | |
r-release-macos-arm64 | 3.2 | 4.00 | 37.00 | 41.00 | OK | |
r-release-macos-x86_64 | 3.2 | 7.00 | 55.00 | 62.00 | OK | |
r-release-windows-x86_64 | 3.2 | 10.00 | 85.00 | 95.00 | OK | |
r-oldrel-macos-arm64 | 3.2 | 4.00 | 30.00 | 34.00 | OK | |
r-oldrel-macos-x86_64 | 3.2 | 7.00 | 45.00 | 52.00 | OK | |
r-oldrel-windows-x86_64 | 3.2 | 12.00 | 106.00 | 118.00 | OK |
Version: 3.2
Check: CRAN incoming feasibility
Result: NOTE
Maintainer: ‘Layla Parast <parast@austin.utexas.edu>’
No Authors@R field in DESCRIPTION.
Please add one, modifying
Authors@R: person(given = "Layla",
family = "Parast",
role = c("aut", "cre"),
email = "parast@austin.utexas.edu")
as necessary.
Flavors: r-devel-linux-x86_64-debian-clang, r-devel-linux-x86_64-debian-gcc
Version: 3.2
Check: HTML version of manual
Result: NOTE
Found the following HTML validation problems:
perturb.nu.vector.html:52:1 (perturb.nu.vector.Rd:20): Warning: missing </ul> before </div>
Flavors: r-devel-linux-x86_64-debian-clang, r-devel-linux-x86_64-debian-gcc