Last updated on 2025-10-22 09:50:51 CEST.
Flavor | Version | Tinstall | Tcheck | Ttotal | Status | Flags |
---|---|---|---|---|---|---|
r-devel-linux-x86_64-debian-clang | 1.8.2 | 212.55 | 198.61 | 411.16 | NOTE | |
r-devel-linux-x86_64-debian-gcc | 1.9.0 | 160.37 | 132.24 | 292.61 | OK | |
r-devel-linux-x86_64-fedora-clang | 1.9.0 | 367.00 | 213.18 | 580.18 | OK | |
r-devel-linux-x86_64-fedora-gcc | 1.9.0 | 1140.00 | -397.27 | 742.73 | OK | |
r-devel-windows-x86_64 | 1.8.2 | 177.00 | 203.00 | 380.00 | OK | |
r-patched-linux-x86_64 | 1.8.2 | 223.52 | 186.34 | 409.86 | OK | |
r-release-linux-x86_64 | 1.8.2 | 219.28 | 184.09 | 403.37 | OK | |
r-release-macos-arm64 | 1.9.0 | 69.00 | 70.00 | 139.00 | OK | |
r-release-macos-x86_64 | 1.9.0 | 210.00 | 156.00 | 366.00 | OK | |
r-release-windows-x86_64 | 1.9.0 | 177.00 | 276.00 | 453.00 | OK | |
r-oldrel-macos-arm64 | 1.9.0 | 72.00 | 75.00 | 147.00 | NOTE | |
r-oldrel-macos-x86_64 | 1.9.0 | 184.00 | 171.00 | 355.00 | NOTE | |
r-oldrel-windows-x86_64 | 1.9.0 | 184.00 | 279.00 | 463.00 | NOTE |
Version: 1.8.2
Check: HTML version of manual
Result: NOTE
Found the following HTML validation problems:
RCM.html:488:1 (RCM.Rd:331): Warning: <h3> anchor "start" already defined
RCM.html:514:1 (RCM.Rd:350): Warning: <h3> anchor "map" already defined
RCM_assess.html:96:1 (RCM_assess.Rd:50): Warning: <h3> anchor "Data" already defined
RCM_assess.html:102:1 (RCM_assess.Rd:55): Warning: <h3> anchor "StockPars" already defined
Flavor: r-devel-linux-x86_64-debian-clang
Version: 1.9.0
Check: installed package size
Result: NOTE
installed size is 56.0Mb
sub-directories of 1Mb or more:
R 2.1Mb
libs 53.4Mb
Flavors: r-oldrel-macos-arm64, r-oldrel-macos-x86_64, r-oldrel-windows-x86_64