Last updated on 2025-10-23 09:50:58 CEST.
| Flavor | Version | Tinstall | Tcheck | Ttotal | Status | Flags |
|---|---|---|---|---|---|---|
| r-devel-linux-x86_64-debian-clang | 0.1-5 | 2.05 | 35.60 | 37.65 | NOTE | |
| r-devel-linux-x86_64-debian-gcc | 0.1-5 | 1.53 | 27.81 | 29.34 | NOTE | |
| r-devel-linux-x86_64-fedora-clang | 0.1-5 | 17.00 | 41.87 | 58.87 | OK | |
| r-devel-linux-x86_64-fedora-gcc | 0.1-5 | 67.01 | OK | |||
| r-devel-windows-x86_64 | 0.1-5 | 4.00 | 66.00 | 70.00 | OK | |
| r-patched-linux-x86_64 | 0.1-5 | 2.73 | 34.26 | 36.99 | OK | |
| r-release-linux-x86_64 | 0.1-5 | 1.97 | 34.04 | 36.01 | OK | |
| r-release-macos-arm64 | 0.1-5 | 2.00 | 50.00 | 52.00 | OK | |
| r-release-macos-x86_64 | 0.1-5 | 2.00 | 48.00 | 50.00 | OK | |
| r-release-windows-x86_64 | 0.1-5 | 4.00 | 70.00 | 74.00 | OK | |
| r-oldrel-macos-arm64 | 0.1-5 | 1.00 | 25.00 | 26.00 | OK | |
| r-oldrel-macos-x86_64 | 0.1-5 | 2.00 | 40.00 | 42.00 | OK | |
| r-oldrel-windows-x86_64 | 0.1-5 | 6.00 | 74.00 | 80.00 | OK |
Version: 0.1-5
Check: CRAN incoming feasibility
Result: NOTE
Maintainer: ‘Tobias Verbeke <tobias.verbeke@openanalytics.eu>’
No Authors@R field in DESCRIPTION.
Please add one, modifying
Authors@R: person(given = "Tobias",
family = "Verbeke",
role = c("aut", "cre"),
email = "tobias.verbeke@openanalytics.eu")
as necessary.
Flavors: r-devel-linux-x86_64-debian-clang, r-devel-linux-x86_64-debian-gcc