Last updated on 2025-10-22 09:50:52 CEST.
Flavor | Version | Tinstall | Tcheck | Ttotal | Status | Flags |
---|---|---|---|---|---|---|
r-devel-linux-x86_64-debian-clang | 0.1.3 | 13.08 | 146.02 | 159.10 | NOTE | |
r-devel-linux-x86_64-debian-gcc | 0.1.3 | 8.14 | 100.13 | 108.27 | NOTE | |
r-devel-linux-x86_64-fedora-clang | 0.1.3 | 66.00 | 196.95 | 262.95 | OK | |
r-devel-linux-x86_64-fedora-gcc | 0.1.3 | 26.00 | 218.29 | 244.29 | OK | |
r-devel-windows-x86_64 | 0.1.3 | 15.00 | 131.00 | 146.00 | OK | |
r-patched-linux-x86_64 | 0.1.3 | 11.31 | 138.03 | 149.34 | OK | |
r-release-linux-x86_64 | 0.1.3 | 11.73 | 134.70 | 146.43 | OK | |
r-release-macos-arm64 | 0.1.3 | 6.00 | 55.00 | 61.00 | OK | |
r-release-macos-x86_64 | 0.1.3 | 10.00 | 103.00 | 113.00 | OK | |
r-release-windows-x86_64 | 0.1.3 | 15.00 | 131.00 | 146.00 | OK | |
r-oldrel-macos-arm64 | 0.1.3 | 6.00 | 55.00 | 61.00 | OK | |
r-oldrel-macos-x86_64 | 0.1.3 | 8.00 | 81.00 | 89.00 | OK | |
r-oldrel-windows-x86_64 | 0.1.3 | 19.00 | 179.00 | 198.00 | OK |
Version: 0.1.3
Check: HTML version of manual
Result: NOTE
Found the following HTML validation problems:
binner.html:50:1 (binner.Rd:12): Warning: missing </ul> before </div>
strongest_interaction.html:50:1 (strongest_interaction.Rd:12): Warning: missing </ul> before </div>
Flavors: r-devel-linux-x86_64-debian-clang, r-devel-linux-x86_64-debian-gcc