CRAN Package Check Results for Package SIAtools

Last updated on 2025-10-22 09:50:52 CEST.

Flavor Version Tinstall Tcheck Ttotal Status Flags
r-devel-linux-x86_64-debian-clang 0.1.3 4.57 66.33 70.90 NOTE
r-devel-linux-x86_64-debian-gcc 0.1.3 3.26 49.70 52.96 NOTE
r-devel-linux-x86_64-fedora-clang 0.1.3 29.00 90.94 119.94 OK
r-devel-linux-x86_64-fedora-gcc 0.1.3 11.00 108.32 119.32 OK
r-devel-windows-x86_64 0.1.3 7.00 88.00 95.00 OK
r-patched-linux-x86_64 0.1.3 5.44 62.27 67.71 OK
r-release-linux-x86_64 0.1.3 3.96 63.15 67.11 OK
r-release-macos-arm64 0.1.3 2.00 39.00 41.00 OK
r-release-macos-x86_64 0.1.3 4.00 75.00 79.00 OK
r-release-windows-x86_64 0.1.3 8.00 91.00 99.00 OK
r-oldrel-macos-arm64 0.1.3 2.00 44.00 46.00 OK
r-oldrel-macos-x86_64 0.1.3 4.00 76.00 80.00 OK
r-oldrel-windows-x86_64 0.1.3 10.00 109.00 119.00 OK

Check Details

Version: 0.1.3
Check: HTML version of manual
Result: NOTE Found the following HTML validation problems: sm_list_available.html:47:1 (sm_list_available.Rd:11): Warning: missing </ul> before </div> Flavors: r-devel-linux-x86_64-debian-clang, r-devel-linux-x86_64-debian-gcc