CRAN Package Check Results for Package SOIL

Last updated on 2025-10-22 09:50:52 CEST.

Flavor Version Tinstall Tcheck Ttotal Status Flags
r-devel-linux-x86_64-debian-clang 1.1 7.85 62.22 70.07 NOTE
r-devel-linux-x86_64-debian-gcc 1.1 5.64 45.45 51.09 NOTE
r-devel-linux-x86_64-fedora-clang 1.1 24.00 84.85 108.85 OK
r-devel-linux-x86_64-fedora-gcc 1.1 15.00 84.73 99.73 OK
r-devel-windows-x86_64 1.1 8.00 67.00 75.00 OK
r-patched-linux-x86_64 1.1 6.64 60.08 66.72 OK
r-release-linux-x86_64 1.1 7.07 58.94 66.01 OK
r-release-macos-arm64 1.1 3.00 41.00 44.00 OK
r-release-macos-x86_64 1.1 7.00 56.00 63.00 OK
r-release-windows-x86_64 1.1 9.00 69.00 78.00 OK
r-oldrel-macos-arm64 1.1 3.00 30.00 33.00 OK
r-oldrel-macos-x86_64 1.1 5.00 42.00 47.00 OK
r-oldrel-windows-x86_64 1.1 10.00 85.00 95.00 OK

Check Details

Version: 1.1
Check: CRAN incoming feasibility
Result: NOTE Maintainer: ‘Yi Yang <yi.yang6@mcgill.ca>’ No Authors@R field in DESCRIPTION. Please add one, modifying Authors@R: c(person(given = "Chenglong", family = "Ye", role = "aut", email = "yexxx323@umn.edu"), person(given = "Yi", family = "Yang", role = c("aut", "cre"), email = "yi.yang6@mcgill.ca"), person(given = "Yuhong", family = "Yang", role = "aut", email = "yyang@stat.umn.edu")) as necessary. Flavors: r-devel-linux-x86_64-debian-clang, r-devel-linux-x86_64-debian-gcc