CRAN Package Check Results for Package SOPIE

Last updated on 2025-07-04 09:50:05 CEST.

Flavor Version Tinstall Tcheck Ttotal Status Flags
r-devel-linux-x86_64-debian-clang 1.6 2.82 31.88 34.70 NOTE
r-devel-linux-x86_64-debian-gcc 1.6 2.26 24.38 26.64 NOTE
r-devel-linux-x86_64-fedora-clang 1.6 54.66 OK
r-devel-linux-x86_64-fedora-gcc 1.6 53.24 OK
r-devel-windows-x86_64 1.6 5.00 54.00 59.00 OK
r-patched-linux-x86_64 1.6 3.12 30.49 33.61 OK
r-release-linux-x86_64 1.6 3.06 30.59 33.65 OK
r-release-macos-arm64 1.6 21.00 OK
r-release-macos-x86_64 1.6 37.00 OK
r-release-windows-x86_64 1.6 3.00 57.00 60.00 OK
r-oldrel-macos-arm64 1.6 19.00 OK
r-oldrel-macos-x86_64 1.6 30.00 OK
r-oldrel-windows-x86_64 1.6 4.00 63.00 67.00 OK

Check Details

Version: 1.6
Check: CRAN incoming feasibility
Result: NOTE Maintainer: ‘Willem Daniel Schutte <wd.schutte@nwu.ac.za>’ No Authors@R field in DESCRIPTION. Please add one, modifying Authors@R: person(given = c("Willem", "Daniel"), family = "Schutte", role = c("aut", "cre"), email = "wd.schutte@nwu.ac.za") as necessary. Flavors: r-devel-linux-x86_64-debian-clang, r-devel-linux-x86_64-debian-gcc