Last updated on 2025-10-22 09:50:53 CEST.
Flavor | Version | Tinstall | Tcheck | Ttotal | Status | Flags |
---|---|---|---|---|---|---|
r-devel-linux-x86_64-debian-clang | 0.2.0 | 6.62 | 54.96 | 61.58 | OK | |
r-devel-linux-x86_64-debian-gcc | 0.2.0 | 4.50 | 39.74 | 44.24 | OK | |
r-devel-linux-x86_64-fedora-clang | 0.2.0 | 21.00 | 75.67 | 96.67 | OK | |
r-devel-linux-x86_64-fedora-gcc | 0.2.0 | 15.00 | 71.84 | 86.84 | OK | |
r-devel-windows-x86_64 | 0.2.0 | 8.00 | 68.00 | 76.00 | OK | |
r-patched-linux-x86_64 | 0.2.0 | 7.05 | 52.10 | 59.15 | OK | |
r-release-linux-x86_64 | 0.2.0 | 6.16 | 53.10 | 59.26 | OK | |
r-release-macos-arm64 | 0.2.0 | 3.00 | 24.00 | 27.00 | OK | |
r-release-macos-x86_64 | 0.2.0 | 6.00 | 51.00 | 57.00 | OK | |
r-release-windows-x86_64 | 0.2.0 | 9.00 | 68.00 | 77.00 | OK | |
r-oldrel-macos-arm64 | 0.2.0 | 3.00 | 26.00 | 29.00 | NOTE | |
r-oldrel-macos-x86_64 | 0.2.0 | 4.00 | 41.00 | 45.00 | NOTE | |
r-oldrel-windows-x86_64 | 0.2.0 | 10.00 | 84.00 | 94.00 | NOTE |
Version: 0.2.0
Check: LazyData
Result: NOTE
'LazyData' is specified without a 'data' directory
Flavors: r-oldrel-macos-arm64, r-oldrel-macos-x86_64, r-oldrel-windows-x86_64