Last updated on 2025-07-04 09:50:05 CEST.
Flavor | Version | Tinstall | Tcheck | Ttotal | Status | Flags |
---|---|---|---|---|---|---|
r-devel-linux-x86_64-debian-clang | 1.1.2 | 7.47 | 115.24 | 122.71 | NOTE | |
r-devel-linux-x86_64-debian-gcc | 1.1.2 | 4.85 | 72.85 | 77.70 | NOTE | |
r-devel-linux-x86_64-fedora-clang | 1.1.2 | 191.43 | OK | |||
r-devel-linux-x86_64-fedora-gcc | 1.1.2 | 211.57 | OK | |||
r-devel-windows-x86_64 | 1.1.2 | 8.00 | 112.00 | 120.00 | OK | |
r-patched-linux-x86_64 | 1.1.2 | 8.42 | 107.11 | 115.53 | OK | |
r-release-linux-x86_64 | 1.1.2 | 6.48 | 106.41 | 112.89 | OK | |
r-release-macos-arm64 | 1.1.2 | 57.00 | OK | |||
r-release-macos-x86_64 | 1.1.2 | 148.00 | OK | |||
r-release-windows-x86_64 | 1.1.2 | 9.00 | 112.00 | 121.00 | OK | |
r-oldrel-macos-arm64 | 1.1.2 | 54.00 | OK | |||
r-oldrel-macos-x86_64 | 1.1.2 | 88.00 | OK | |||
r-oldrel-windows-x86_64 | 1.1.2 | 12.00 | 151.00 | 163.00 | OK |
Version: 1.1.2
Check: CRAN incoming feasibility
Result: NOTE
Maintainer: ‘Melantha Wang <wang.melantha@gmail.com>’
The Description field contains
Cost Experience Simulator" <arXiv:2109.04058>.
Please refer to arXiv e-prints via their arXiv DOI <doi:10.48550/arXiv.YYMM.NNNNN>.
Flavors: r-devel-linux-x86_64-debian-clang, r-devel-linux-x86_64-debian-gcc