CRAN Package Check Results for Package ScaleSpikeSlab

Last updated on 2025-10-22 09:50:51 CEST.

Flavor Version Tinstall Tcheck Ttotal Status Flags
r-devel-linux-x86_64-debian-clang 1.0 21.48 46.34 67.82 NOTE
r-devel-linux-x86_64-debian-gcc 1.0 12.92 35.28 48.20 NOTE
r-devel-linux-x86_64-fedora-clang 1.0 44.00 70.85 114.85 OK
r-devel-linux-x86_64-fedora-gcc 1.0 27.00 75.93 102.93 OK
r-devel-windows-x86_64 1.0 26.00 86.00 112.00 OK
r-patched-linux-x86_64 1.0 19.63 45.43 65.06 OK
r-release-linux-x86_64 1.0 19.76 45.53 65.29 OK
r-release-macos-arm64 1.0 11.00 30.00 41.00 OK
r-release-macos-x86_64 1.0 15.00 61.00 76.00 OK
r-release-windows-x86_64 1.0 26.00 85.00 111.00 OK
r-oldrel-macos-arm64 1.0 10.00 26.00 36.00 OK
r-oldrel-macos-x86_64 1.0 13.00 49.00 62.00 OK
r-oldrel-windows-x86_64 1.0 30.00 109.00 139.00 OK

Check Details

Version: 1.0
Check: CRAN incoming feasibility
Result: NOTE Maintainer: ‘Niloy Biswas <niloy_biswas@g.harvard.edu>’ The Description field contains <arXiv:2204.01668>. Please refer to arXiv e-prints via their arXiv DOI <doi:10.48550/arXiv.YYMM.NNNNN>. Flavors: r-devel-linux-x86_64-debian-clang, r-devel-linux-x86_64-debian-gcc