Last updated on 2025-10-23 09:50:58 CEST.
| Flavor | Version | Tinstall | Tcheck | Ttotal | Status | Flags |
|---|---|---|---|---|---|---|
| r-devel-linux-x86_64-debian-clang | 0.1.0 | 1.67 | 23.48 | 25.15 | NOTE | |
| r-devel-linux-x86_64-debian-gcc | 0.1.0 | 1.36 | 20.68 | 22.04 | NOTE | |
| r-devel-linux-x86_64-fedora-clang | 0.1.0 | 39.12 | OK | |||
| r-devel-linux-x86_64-fedora-gcc | 0.1.0 | 37.82 | OK | |||
| r-devel-windows-x86_64 | 0.1.0 | 3.00 | 43.00 | 46.00 | OK | |
| r-patched-linux-x86_64 | 0.1.0 | 1.49 | 25.20 | 26.69 | OK | |
| r-release-linux-x86_64 | 0.1.0 | 1.58 | 25.48 | 27.06 | OK | |
| r-release-macos-arm64 | 0.1.0 | 1.00 | 19.00 | 20.00 | OK | |
| r-release-macos-x86_64 | 0.1.0 | 1.00 | 32.00 | 33.00 | OK | |
| r-release-windows-x86_64 | 0.1.0 | 3.00 | 46.00 | 49.00 | OK | |
| r-oldrel-macos-arm64 | 0.1.0 | 1.00 | 17.00 | 18.00 | OK | |
| r-oldrel-macos-x86_64 | 0.1.0 | 1.00 | 26.00 | 27.00 | OK | |
| r-oldrel-windows-x86_64 | 0.1.0 | 3.00 | 47.00 | 50.00 | OK |
Version: 0.1.0
Check: CRAN incoming feasibility
Result: NOTE
Maintainer: ‘Elad Romanov <elad.romanov@gmail.com>’
The Description field contains
appear). <arXiv:2009.12297>.
Please refer to arXiv e-prints via their arXiv DOI <doi:10.48550/arXiv.YYMM.NNNNN>.
Flavors: r-devel-linux-x86_64-debian-clang, r-devel-linux-x86_64-debian-gcc