Last updated on 2025-10-22 09:50:51 CEST.
Flavor | Version | Tinstall | Tcheck | Ttotal | Status | Flags |
---|---|---|---|---|---|---|
r-devel-linux-x86_64-debian-clang | 0.3.0 | 42.83 | 159.99 | 202.82 | NOTE | |
r-devel-linux-x86_64-debian-gcc | 0.3.0 | 28.20 | 105.59 | 133.79 | NOTE | |
r-devel-linux-x86_64-fedora-clang | 0.3.0 | 78.00 | 248.26 | 326.26 | OK | |
r-devel-linux-x86_64-fedora-gcc | 0.3.0 | 67.00 | 246.76 | 313.76 | OK | |
r-devel-windows-x86_64 | 0.3.0 | 49.00 | 174.00 | 223.00 | OK | |
r-patched-linux-x86_64 | 0.3.0 | 45.08 | 143.32 | 188.40 | OK | |
r-release-linux-x86_64 | 0.3.0 | 45.18 | 143.03 | 188.21 | OK | |
r-release-macos-arm64 | 0.3.0 | 18.00 | 67.00 | 85.00 | OK | |
r-release-macos-x86_64 | 0.3.0 | 26.00 | 156.00 | 182.00 | OK | |
r-release-windows-x86_64 | 0.3.0 | 51.00 | 174.00 | 225.00 | OK | |
r-oldrel-macos-arm64 | 0.3.0 | 16.00 | 72.00 | 88.00 | OK | |
r-oldrel-macos-x86_64 | 0.3.0 | 27.00 | 154.00 | 181.00 | OK | |
r-oldrel-windows-x86_64 | 0.3.0 | 59.00 | 228.00 | 287.00 | OK |
Version: 0.3.0
Check: HTML version of manual
Result: NOTE
Found the following HTML validation problems:
pcoriaccel_estimate_pmf.html:66:1 (pcoriaccel_estimate_pmf.Rd:20): Warning: missing </ul> before </div>
Flavors: r-devel-linux-x86_64-debian-clang, r-devel-linux-x86_64-debian-gcc