Last updated on 2025-10-22 09:50:52 CEST.
Flavor | Version | Tinstall | Tcheck | Ttotal | Status | Flags |
---|---|---|---|---|---|---|
r-devel-linux-x86_64-debian-clang | 1.1.4 | 7.63 | 66.85 | 74.48 | NOTE | |
r-devel-linux-x86_64-debian-gcc | 1.1.4 | 4.89 | 48.09 | 52.98 | NOTE | |
r-devel-linux-x86_64-fedora-clang | 1.1.4 | 17.00 | 99.39 | 116.39 | OK | |
r-devel-linux-x86_64-fedora-gcc | 1.1.4 | 16.00 | 113.56 | 129.56 | OK | |
r-devel-windows-x86_64 | 1.1.4 | 9.00 | 72.00 | 81.00 | OK | |
r-patched-linux-x86_64 | 1.1.4 | 6.03 | 61.47 | 67.50 | OK | |
r-release-linux-x86_64 | 1.1.4 | 6.53 | 61.05 | 67.58 | OK | |
r-release-macos-arm64 | 1.1.4 | 3.00 | 39.00 | 42.00 | OK | |
r-release-macos-x86_64 | 1.1.4 | 6.00 | 60.00 | 66.00 | OK | |
r-release-windows-x86_64 | 1.1.4 | 9.00 | 72.00 | 81.00 | OK | |
r-oldrel-macos-arm64 | 1.1.4 | 3.00 | 32.00 | 35.00 | OK | |
r-oldrel-macos-x86_64 | 1.1.4 | 5.00 | 62.00 | 67.00 | OK | |
r-oldrel-windows-x86_64 | 1.1.4 | 12.00 | 94.00 | 106.00 | OK |
Version: 1.1.4
Check: CRAN incoming feasibility
Result: NOTE
Maintainer: ‘Christine Blume <christine.blume@sbg.ac.at>’
Package CITATION file contains call(s) to old-style citEntry(). Please
use bibentry() instead.
Flavors: r-devel-linux-x86_64-debian-clang, r-devel-linux-x86_64-debian-gcc