CRAN Package Check Results for Package StratigrapheR

Last updated on 2025-07-04 09:50:06 CEST.

Flavor Version Tinstall Tcheck Ttotal Status Flags
r-devel-linux-x86_64-debian-clang 1.3.1 15.12 100.13 115.25 NOTE
r-devel-linux-x86_64-debian-gcc 1.3.1 10.96 65.15 76.11 NOTE
r-devel-linux-x86_64-fedora-clang 1.3.1 175.99 OK
r-devel-linux-x86_64-fedora-gcc 1.3.1 167.19 OK
r-devel-windows-x86_64 1.3.1 15.00 123.00 138.00 OK
r-patched-linux-x86_64 1.3.1 16.25 90.32 106.57 OK
r-release-linux-x86_64 1.3.1 14.22 90.51 104.73 OK
r-release-macos-arm64 1.3.1 59.00 OK
r-release-macos-x86_64 1.3.1 99.00 OK
r-release-windows-x86_64 1.3.1 16.00 120.00 136.00 OK
r-oldrel-macos-arm64 1.3.1 47.00 OK
r-oldrel-macos-x86_64 1.3.1 73.00 OK
r-oldrel-windows-x86_64 1.3.1 20.00 151.00 171.00 OK

Check Details

Version: 1.3.1
Check: CRAN incoming feasibility
Result: NOTE Maintainer: ‘Sebastien Wouters <wouterseb@gmail.com>’ No Authors@R field in DESCRIPTION. Please add one, modifying Authors@R: c(person(given = "Sebastien", family = "Wouters", role = c("aut", "cre"), email = "wouterseb@gmail.com"), person(given = c("Adam", "D."), family = "Smith", role = "ctb")) as necessary. Flavors: r-devel-linux-x86_64-debian-clang, r-devel-linux-x86_64-debian-gcc