Last updated on 2025-10-22 09:50:54 CEST.
Flavor | Version | Tinstall | Tcheck | Ttotal | Status | Flags |
---|---|---|---|---|---|---|
r-devel-linux-x86_64-debian-clang | 1.1.0 | 8.49 | 261.10 | 269.59 | NOTE | |
r-devel-linux-x86_64-debian-gcc | 1.1.0 | 6.51 | 147.77 | 154.28 | NOTE | |
r-devel-linux-x86_64-fedora-clang | 1.1.0 | 22.00 | 416.26 | 438.26 | OK | |
r-devel-linux-x86_64-fedora-gcc | 1.1.0 | 18.00 | 398.25 | 416.25 | OK | |
r-devel-windows-x86_64 | 1.1.0 | 11.00 | 254.00 | 265.00 | OK | |
r-patched-linux-x86_64 | 1.1.0 | 9.61 | 244.32 | 253.93 | OK | |
r-release-linux-x86_64 | 1.1.0 | 8.40 | 247.45 | 255.85 | OK | |
r-release-macos-arm64 | 1.1.0 | 4.00 | 91.00 | 95.00 | OK | |
r-release-macos-x86_64 | 1.1.0 | 7.00 | 205.00 | 212.00 | OK | |
r-release-windows-x86_64 | 1.1.0 | 12.00 | 288.00 | 300.00 | OK | |
r-oldrel-macos-arm64 | 1.1.0 | 5.00 | 95.00 | 100.00 | NOTE | |
r-oldrel-macos-x86_64 | 1.1.0 | 6.00 | 184.00 | 190.00 | NOTE | |
r-oldrel-windows-x86_64 | 1.1.0 | 14.00 | 355.00 | 369.00 | OK |
Version: 1.1.0
Check: CRAN incoming feasibility
Result: NOTE
Maintainer: ‘Melantha Wang <wang.melantha@gmail.com>’
The Description field contains
control" <arXiv:2008.05693>.
Please refer to arXiv e-prints via their arXiv DOI <doi:10.48550/arXiv.YYMM.NNNNN>.
Flavors: r-devel-linux-x86_64-debian-clang, r-devel-linux-x86_64-debian-gcc
Version: 1.1.0
Check: HTML version of manual
Result: NOTE
Found the following HTML validation problems:
check_relativity.html:54:1 (check_relativity.Rd:13): Warning: missing </ul> before </div>
claim_size_adj.fit.html:50:1 (claim_size_adj.fit.Rd:12): Warning: missing </ul> before </div>
covariates_relativity.html:58:1 (covariates_relativity.Rd:18): Warning: missing </ul> before </div>
Flavors: r-devel-linux-x86_64-debian-clang, r-devel-linux-x86_64-debian-gcc
Version: 1.1.0
Check: installed package size
Result: NOTE
installed size is 5.0Mb
sub-directories of 1Mb or more:
data 2.9Mb
doc 1.8Mb
Flavors: r-oldrel-macos-arm64, r-oldrel-macos-x86_64