Last updated on 2025-10-22 09:50:54 CEST.
Flavor | Version | Tinstall | Tcheck | Ttotal | Status | Flags |
---|---|---|---|---|---|---|
r-devel-linux-x86_64-debian-clang | 4.3-25 | 144.35 | 179.31 | 323.66 | NOTE | |
r-devel-linux-x86_64-debian-gcc | 4.3-25 | 91.48 | 111.37 | 202.85 | NOTE | |
r-devel-linux-x86_64-fedora-clang | 4.3-25 | 279.00 | 325.15 | 604.15 | OK | |
r-devel-linux-x86_64-fedora-gcc | 4.3-25 | 271.00 | 259.16 | 530.16 | OK | |
r-devel-windows-x86_64 | 4.3-25 | 162.00 | 231.00 | 393.00 | OK | |
r-patched-linux-x86_64 | 4.3-25 | 148.33 | 165.22 | 313.55 | OK | |
r-release-linux-x86_64 | 4.3-25 | 144.91 | 166.81 | 311.72 | OK | |
r-release-macos-arm64 | 4.3-25 | 57.00 | 71.00 | 128.00 | OK | |
r-release-macos-x86_64 | 4.3-25 | 74.00 | 149.00 | 223.00 | OK | |
r-release-windows-x86_64 | 4.3-25 | 163.00 | 193.00 | 356.00 | OK | |
r-oldrel-macos-arm64 | 4.3-25 | 54.00 | 76.00 | 130.00 | NOTE | |
r-oldrel-macos-x86_64 | 4.3-25 | 79.00 | 150.00 | 229.00 | NOTE | |
r-oldrel-windows-x86_64 | 4.3-25 | 199.00 | 245.00 | 444.00 | OK |
Version: 4.3-25
Check: HTML version of manual
Result: NOTE
Found the following HTML validation problems:
TAM-utilities.html:342:1 (TAM-utilities.Rd:179): Warning: missing </ul> before </div>
Flavors: r-devel-linux-x86_64-debian-clang, r-devel-linux-x86_64-debian-gcc
Version: 4.3-25
Check: installed package size
Result: NOTE
installed size is 8.8Mb
sub-directories of 1Mb or more:
R 2.1Mb
libs 5.8Mb
Flavors: r-oldrel-macos-arm64, r-oldrel-macos-x86_64