Last updated on 2025-07-04 09:50:07 CEST.
Flavor | Version | Tinstall | Tcheck | Ttotal | Status | Flags |
---|---|---|---|---|---|---|
r-devel-linux-x86_64-debian-clang | 1.2.12 | 14.76 | 170.28 | 185.04 | NOTE | |
r-devel-linux-x86_64-debian-gcc | 1.2.12 | 12.88 | 115.96 | 128.84 | NOTE | |
r-devel-linux-x86_64-fedora-clang | 1.2.12 | 265.55 | OK | |||
r-devel-linux-x86_64-fedora-gcc | 1.2.12 | 283.01 | OK | |||
r-devel-windows-x86_64 | 1.2.12 | 30.00 | 153.00 | 183.00 | NOTE | |
r-patched-linux-x86_64 | 1.2.12 | 16.82 | 151.94 | 168.76 | NOTE | |
r-release-linux-x86_64 | 1.2.12 | 15.23 | 152.60 | 167.83 | NOTE | |
r-release-macos-arm64 | 1.2.12 | 95.00 | OK | |||
r-release-macos-x86_64 | 1.2.12 | 167.00 | OK | |||
r-release-windows-x86_64 | 1.2.12 | 29.00 | 282.00 | 311.00 | NOTE | |
r-oldrel-macos-arm64 | 1.2.12 | 85.00 | OK | |||
r-oldrel-macos-x86_64 | 1.2.12 | 205.00 | OK | |||
r-oldrel-windows-x86_64 | 1.2.12 | 33.00 | 191.00 | 224.00 | OK |
Version: 1.2.12
Check: Rd cross-references
Result: NOTE
Found the following Rd file(s) with Rd \link{} targets missing package
anchors:
heartTP.Rd: heart
Please provide package anchors for all Rd \link{} targets not in the
package itself and the base packages.
Flavors: r-devel-linux-x86_64-debian-clang, r-devel-linux-x86_64-debian-gcc, r-devel-windows-x86_64, r-patched-linux-x86_64, r-release-linux-x86_64, r-release-windows-x86_64