Last updated on 2025-07-04 09:50:08 CEST.
Flavor | Version | Tinstall | Tcheck | Ttotal | Status | Flags |
---|---|---|---|---|---|---|
r-devel-linux-x86_64-debian-clang | 1.0.0 | 9.53 | 580.36 | 589.89 | NOTE | |
r-devel-linux-x86_64-debian-gcc | 1.0.0 | 6.55 | 375.20 | 381.75 | NOTE | |
r-devel-linux-x86_64-fedora-clang | 1.0.0 | 934.81 | OK | |||
r-devel-linux-x86_64-fedora-gcc | 1.0.0 | 1018.98 | OK | |||
r-devel-windows-x86_64 | 1.0.0 | 11.00 | 547.00 | 558.00 | OK | |
r-patched-linux-x86_64 | 1.0.0 | 9.12 | 559.78 | 568.90 | OK | |
r-release-linux-x86_64 | 1.0.0 | 9.33 | 557.23 | 566.56 | OK | |
r-release-macos-arm64 | 1.0.0 | 339.00 | OK | |||
r-release-macos-x86_64 | 1.0.0 | 626.00 | OK | |||
r-release-windows-x86_64 | 1.0.0 | 11.00 | 633.00 | 644.00 | OK | |
r-oldrel-macos-arm64 | 1.0.0 | 254.00 | OK | |||
r-oldrel-macos-x86_64 | 1.0.0 | 424.00 | OK | |||
r-oldrel-windows-x86_64 | 1.0.0 | 14.00 | 702.00 | 716.00 | OK |
Version: 1.0.0
Check: CRAN incoming feasibility
Result: NOTE
Maintainer: ‘Jasin Machkour <jasin.machkour@tu-darmstadt.de>’
The Description field contains
(2022) <arXiv:2110.06048>.
Please refer to arXiv e-prints via their arXiv DOI <doi:10.48550/arXiv.YYMM.NNNNN>.
Flavors: r-devel-linux-x86_64-debian-clang, r-devel-linux-x86_64-debian-gcc