CRAN Package Check Results for Package TSE

Last updated on 2025-07-04 09:50:08 CEST.

Flavor Version Tinstall Tcheck Ttotal Status Flags
r-devel-linux-x86_64-debian-clang 0.1.0 2.39 20.47 22.86 OK
r-devel-linux-x86_64-debian-gcc 0.1.0 1.86 17.02 18.88 OK
r-devel-linux-x86_64-fedora-clang 0.1.0 34.86 NOTE
r-devel-linux-x86_64-fedora-gcc 0.1.0 33.46 NOTE
r-devel-windows-x86_64 0.1.0 3.00 43.00 46.00 OK
r-patched-linux-x86_64 0.1.0 2.55 19.51 22.06 OK
r-release-linux-x86_64 0.1.0 2.19 19.23 21.42 OK
r-release-macos-arm64 0.1.0 17.00 OK
r-release-macos-x86_64 0.1.0 24.00 OK
r-release-windows-x86_64 0.1.0 4.00 105.00 109.00 OK
r-oldrel-macos-arm64 0.1.0 15.00 OK
r-oldrel-macos-x86_64 0.1.0 21.00 OK
r-oldrel-windows-x86_64 0.1.0 4.00 46.00 50.00 OK

Check Details

Version: 0.1.0
Check: dependencies in R code
Result: NOTE Namespace in Imports field not imported from: ‘stats’ All declared Imports should be used. Flavors: r-devel-linux-x86_64-fedora-clang, r-devel-linux-x86_64-fedora-gcc